Last updated on 2023-05-28 01:54:09 CEST.
Flavor | Version | Tinstall | Tcheck | Ttotal | Status | Flags |
---|---|---|---|---|---|---|
r-devel-linux-x86_64-debian-clang | 4.3.1 | 18.22 | 264.93 | 283.15 | OK | |
r-devel-linux-x86_64-debian-gcc | 4.3.1 | 17.80 | 216.22 | 234.02 | OK | |
r-devel-linux-x86_64-fedora-clang | 4.3.1 | 284.84 | NOTE | |||
r-devel-linux-x86_64-fedora-gcc | 4.3.1 | 360.71 | OK | |||
r-devel-windows-x86_64 | 4.3.1 | 19.00 | 217.00 | 236.00 | NOTE | |
r-patched-linux-x86_64 | 4.3.1 | 18.23 | 278.64 | 296.87 | OK | |
r-release-linux-x86_64 | 4.3.1 | 12.91 | 275.23 | 288.14 | OK | |
r-release-macos-arm64 | 4.3.1 | 82.00 | WARN | |||
r-release-macos-x86_64 | 4.3.1 | 253.00 | WARN | |||
r-release-windows-x86_64 | 4.3.1 | 25.00 | 259.00 | 284.00 | NOTE | |
r-oldrel-macos-arm64 | 4.3.1 | 78.00 | WARN | |||
r-oldrel-macos-x86_64 | 4.3.1 | 122.00 | WARN | |||
r-oldrel-windows-x86_64 | 4.3.1 | 26.00 | 286.00 | 312.00 | NOTE |
Version: 4.3.1
Check: installed package size
Result: NOTE
installed size is 6.3Mb
sub-directories of 1Mb or more:
doc 4.8Mb
Flavors: r-devel-linux-x86_64-fedora-clang, r-devel-windows-x86_64, r-release-macos-arm64, r-release-macos-x86_64, r-release-windows-x86_64, r-oldrel-macos-arm64, r-oldrel-macos-x86_64, r-oldrel-windows-x86_64
Version: 4.3.1
Check: for missing documentation entries
Result: WARN
Undocumented S4 methods:
generic '[' and siglist 'SpectraInTime,ANY,missing,ANY'
generic '[' and siglist 'SpectraInTime,missing,ANY,ANY'
generic '[' and siglist 'SpectraInTime,missing,missing,ANY'
generic '[' and siglist 'SpectraInTimeComp,ANY,ANY,ANY'
generic '[' and siglist 'SpectraInTimeComp,ANY,missing,ANY'
generic '[' and siglist 'SpectraInTimeComp,missing,ANY,ANY'
All user-level objects in a package (including S4 classes and methods)
should have documentation entries.
See chapter ‘Writing R documentation files’ in the ‘Writing R
Extensions’ manual.
Flavors: r-release-macos-arm64, r-release-macos-x86_64, r-oldrel-macos-arm64, r-oldrel-macos-x86_64