CRAN Package Check Results for Package speedglm

Last updated on 2021-09-21 06:48:53 CEST.

Flavor Version Tinstall Tcheck Ttotal Status Flags
r-devel-linux-x86_64-debian-clang 0.3-3 10.27 79.62 89.89 OK
r-devel-linux-x86_64-debian-gcc 0.3-3 8.26 62.09 70.35 OK
r-devel-linux-x86_64-fedora-clang 0.3-3 111.85 NOTE
r-devel-linux-x86_64-fedora-gcc 0.3-3 103.53 OK
r-devel-windows-x86_64 0.3-3 11.00 74.00 85.00 OK
r-devel-windows-x86_64-gcc10-UCRT 0.3-3 ERROR
r-patched-linux-x86_64 0.3-3 9.54 75.40 84.94 OK
r-patched-solaris-x86 0.3-3 154.50 OK
r-release-linux-x86_64 0.3-3 8.87 75.55 84.42 OK
r-release-macos-arm64 0.3-3 OK
r-release-macos-x86_64 0.3-3 OK
r-release-windows-ix86+x86_64 0.3-3 19.00 71.00 90.00 OK
r-oldrel-macos-x86_64 0.3-3 OK
r-oldrel-windows-ix86+x86_64 0.3-3 19.00 73.00 92.00 OK

Check Details

Version: 0.3-3
Check: Rd cross-references
Result: NOTE
    Undeclared package ‘biglm’ in Rd xrefs
Flavor: r-devel-linux-x86_64-fedora-clang

Version: 0.3-3
Check: whether package can be installed
Result: WARN
    Found the following significant warnings:
     WARNING: installation-time patches will not be applied, could not get the patches index
Flavor: r-devel-windows-x86_64-gcc10-UCRT

Version: 0.3-3
Check: PDF version of manual
Result: WARN
    LaTeX errors when creating PDF version.
    This typically indicates Rd problems.
Flavor: r-devel-windows-x86_64-gcc10-UCRT

Version: 0.3-3
Check: PDF version of manual without hyperrefs or index
Result: ERROR
    Re-running with no redirection of stdout/stderr.
Flavor: r-devel-windows-x86_64-gcc10-UCRT