CRAN Package Check Results for Package splitstackshape

Last updated on 2021-11-27 09:52:42 CET.

Flavor Version Tinstall Tcheck Ttotal Status Flags
r-devel-linux-x86_64-debian-clang 1.4.8 OK
r-devel-linux-x86_64-debian-gcc 1.4.8 2.30 26.82 29.12 OK
r-devel-linux-x86_64-fedora-clang 1.4.8 57.53 NOTE
r-devel-linux-x86_64-fedora-gcc 1.4.8 45.05 OK
r-devel-windows-x86_64-new-UL 1.4.8 10.00 76.00 86.00 OK
r-devel-windows-x86_64-new-TK 1.4.8 OK
r-devel-windows-x86_64-old 1.4.8 6.00 56.00 62.00 OK
r-patched-linux-x86_64 1.4.8 4.01 32.71 36.72 OK
r-patched-solaris-x86 1.4.8 71.20 OK
r-release-linux-x86_64 1.4.8 OK
r-release-macos-arm64 1.4.8 OK
r-release-macos-x86_64 1.4.8 OK
r-release-windows-ix86+x86_64 1.4.8 7.00 40.00 47.00 OK
r-oldrel-macos-x86_64 1.4.8 OK
r-oldrel-windows-ix86+x86_64 1.4.8 6.00 54.00 60.00 OK

Check Details

Version: 1.4.8
Check: Rd cross-references
Result: NOTE
    Undeclared packages ‘reshape2’, ‘sampling’, ‘dplyr’ in Rd xrefs
Flavor: r-devel-linux-x86_64-fedora-clang