CRAN Package Check Results for Package spocc

Last updated on 2021-09-22 06:48:50 CEST.

Flavor Version Tinstall Tcheck Ttotal Status Flags
r-devel-linux-x86_64-debian-clang 1.2.0 12.43 86.81 99.24 NOTE
r-devel-linux-x86_64-debian-gcc 1.2.0 12.00 65.26 77.26 NOTE
r-devel-linux-x86_64-fedora-clang 1.2.0 127.56 NOTE
r-devel-linux-x86_64-fedora-gcc 1.2.0 109.15 NOTE
r-devel-windows-x86_64 1.2.0 12.00 80.00 92.00 NOTE
r-devel-windows-x86_64-gcc10-UCRT 1.2.0 ERROR
r-patched-linux-x86_64 1.2.0 21.38 81.44 102.82 NOTE
r-patched-solaris-x86 1.2.0 159.20 NOTE
r-release-linux-x86_64 1.2.0 15.32 81.67 96.99 NOTE
r-release-macos-arm64 1.2.0 NOTE
r-release-macos-x86_64 1.2.0 NOTE
r-release-windows-ix86+x86_64 1.2.0 24.00 81.00 105.00 NOTE
r-oldrel-macos-x86_64 1.2.0 OK
r-oldrel-windows-ix86+x86_64 1.2.0 25.00 79.00 104.00 OK

Check Details

Version: 1.2.0
Check: LazyData
Result: NOTE
     'LazyData' is specified without a 'data' directory
Flavors: r-devel-linux-x86_64-debian-clang, r-devel-linux-x86_64-debian-gcc, r-devel-linux-x86_64-fedora-clang, r-devel-linux-x86_64-fedora-gcc, r-devel-windows-x86_64, r-patched-linux-x86_64, r-patched-solaris-x86, r-release-linux-x86_64, r-release-macos-arm64, r-release-macos-x86_64, r-release-windows-ix86+x86_64

Version: 1.2.0
Check: package dependencies
Result: ERROR
    Package required but not available: 'rgbif'
    
    Package suggested but not available for checking: 'taxize'
    
    See section 'The DESCRIPTION file' in the 'Writing R Extensions'
    manual.
Flavor: r-devel-windows-x86_64-gcc10-UCRT