CRAN Package Check Results for Package spoiler

Last updated on 2021-09-21 06:48:53 CEST.

Flavor Version Tinstall Tcheck Ttotal Status Flags
r-devel-linux-x86_64-debian-clang 1.0.0 2.36 32.22 34.58 OK
r-devel-linux-x86_64-debian-gcc 1.0.0 2.21 25.29 27.50 OK
r-devel-linux-x86_64-fedora-clang 1.0.0 51.18 OK
r-devel-linux-x86_64-fedora-gcc 1.0.0 41.17 OK
r-devel-windows-x86_64 1.0.0 4.00 39.00 43.00 OK
r-devel-windows-x86_64-gcc10-UCRT 1.0.0 ERROR
r-patched-linux-x86_64 1.0.0 2.51 31.27 33.78 OK
r-patched-solaris-x86 1.0.0 66.80 OK
r-release-linux-x86_64 1.0.0 2.78 31.23 34.01 OK
r-release-macos-arm64 1.0.0 OK
r-release-macos-x86_64 1.0.0 OK
r-release-windows-ix86+x86_64 1.0.0 8.00 41.00 49.00 OK
r-oldrel-macos-x86_64 1.0.0 OK
r-oldrel-windows-ix86+x86_64 1.0.0 8.00 41.00 49.00 OK

Check Details

Version: 1.0.0
Check: whether package can be installed
Result: WARN
    Found the following significant warnings:
     WARNING: installation-time patches will not be applied, could not get the patches index
Flavor: r-devel-windows-x86_64-gcc10-UCRT

Version: 1.0.0
Check: PDF version of manual
Result: WARN
    LaTeX errors when creating PDF version.
    This typically indicates Rd problems.
Flavor: r-devel-windows-x86_64-gcc10-UCRT

Version: 1.0.0
Check: PDF version of manual without hyperrefs or index
Result: ERROR
    Re-running with no redirection of stdout/stderr.
Flavor: r-devel-windows-x86_64-gcc10-UCRT