CRAN Package Check Results for Package spotGUI

Last updated on 2021-09-21 06:48:53 CEST.

Flavor Version Tinstall Tcheck Ttotal Status Flags
r-devel-linux-x86_64-debian-clang 0.2.3 15.05 142.43 157.48 OK
r-devel-linux-x86_64-debian-gcc 0.2.3 11.66 107.25 118.91 OK
r-devel-linux-x86_64-fedora-clang 0.2.3 197.69 NOTE
r-devel-linux-x86_64-fedora-gcc 0.2.3 188.35 NOTE
r-devel-windows-x86_64 0.2.3 19.00 136.00 155.00 OK
r-devel-windows-x86_64-gcc10-UCRT 0.2.3 ERROR
r-patched-linux-x86_64 0.2.3 14.99 124.05 139.04 OK
r-patched-solaris-x86 0.2.3 253.20 NOTE
r-release-linux-x86_64 0.2.3 14.93 125.15 140.08 OK
r-release-macos-arm64 0.2.3 NOTE
r-release-macos-x86_64 0.2.3 NOTE
r-release-windows-ix86+x86_64 0.2.3 38.00 118.00 156.00 OK
r-oldrel-macos-x86_64 0.2.3 NOTE
r-oldrel-windows-ix86+x86_64 0.2.3 38.00 112.00 150.00 OK

Check Details

Version: 0.2.3
Check: dependencies in R code
Result: NOTE
    Namespace in Imports field not imported from: ‘batchtools’
     All declared Imports should be used.
Flavors: r-devel-linux-x86_64-fedora-clang, r-devel-linux-x86_64-fedora-gcc, r-patched-solaris-x86, r-release-macos-arm64, r-release-macos-x86_64, r-oldrel-macos-x86_64

Version: 0.2.3
Check: package dependencies
Result: ERROR
    Package required but not available: 'XML'
    
    See section 'The DESCRIPTION file' in the 'Writing R Extensions'
    manual.
Flavor: r-devel-windows-x86_64-gcc10-UCRT