CRAN Package Check Results for Package spotifyr

Last updated on 2021-09-22 06:48:50 CEST.

Flavor Version Tinstall Tcheck Ttotal Status Flags
r-devel-linux-x86_64-debian-clang 2.2.1 14.64 111.04 125.68 OK
r-devel-linux-x86_64-debian-gcc 2.2.1 11.99 82.26 94.25 OK
r-devel-linux-x86_64-fedora-clang 2.2.1 157.49 NOTE
r-devel-linux-x86_64-fedora-gcc 2.2.1 145.68 NOTE
r-devel-windows-x86_64 2.2.1 15.00 105.00 120.00 OK
r-devel-windows-x86_64-gcc10-UCRT 2.2.1 ERROR
r-patched-linux-x86_64 2.2.1 14.04 103.30 117.34 OK
r-patched-solaris-x86 2.2.1 197.80 NOTE
r-release-linux-x86_64 2.2.1 12.63 103.95 116.58 OK
r-release-macos-arm64 2.2.1 NOTE
r-release-macos-x86_64 2.2.1 NOTE
r-release-windows-ix86+x86_64 2.2.1 30.00 100.00 130.00 OK
r-oldrel-macos-x86_64 2.2.1 NOTE
r-oldrel-windows-ix86+x86_64 2.2.1 33.00 103.00 136.00 OK

Check Details

Version: 2.2.1
Check: dependencies in R code
Result: NOTE
    Namespace in Imports field not imported from: ‘ggridges’
     All declared Imports should be used.
Flavors: r-devel-linux-x86_64-fedora-clang, r-devel-linux-x86_64-fedora-gcc, r-patched-solaris-x86, r-release-macos-arm64, r-release-macos-x86_64, r-oldrel-macos-x86_64

Version: 2.2.1
Check: package dependencies
Result: ERROR
    Packages required but not available: 'rvest', 'genius', 'xml2'
    
    See section 'The DESCRIPTION file' in the 'Writing R Extensions'
    manual.
Flavor: r-devel-windows-x86_64-gcc10-UCRT