CRAN Package Check Results for Package spreadr

Last updated on 2021-10-21 12:58:17 CEST.

Flavor Version Tinstall Tcheck Ttotal Status Flags
r-devel-linux-x86_64-debian-clang 0.2.0 14.88 46.59 61.47 OK
r-devel-linux-x86_64-debian-gcc 0.2.0 12.62 36.12 48.74 OK
r-devel-linux-x86_64-fedora-clang 0.2.0 96.18 NOTE
r-devel-linux-x86_64-fedora-gcc 0.2.0 79.28 NOTE
r-devel-windows-x86_64 0.2.0 26.00 68.00 94.00 OK
r-devel-windows-x86_64-gcc10-UCRT 0.2.0 ERROR
r-patched-linux-x86_64 0.2.0 14.06 43.93 57.99 OK
r-patched-solaris-x86 0.2.0 106.30 NOTE
r-release-linux-x86_64 0.2.0 13.59 44.44 58.03 OK
r-release-macos-arm64 0.2.0 NOTE
r-release-macos-x86_64 0.2.0 NOTE
r-release-windows-ix86+x86_64 0.2.0 45.00 93.00 138.00 OK
r-oldrel-macos-x86_64 0.2.0 NOTE
r-oldrel-windows-ix86+x86_64 0.2.0 45.00 97.00 142.00 OK

Check Details

Version: 0.2.0
Check: dependencies in R code
Result: NOTE
    Namespaces in Imports field not imported from:
     ‘extrafont’ ‘ggplot2’
     All declared Imports should be used.
Flavors: r-devel-linux-x86_64-fedora-clang, r-devel-linux-x86_64-fedora-gcc, r-patched-solaris-x86, r-release-macos-arm64, r-release-macos-x86_64, r-oldrel-macos-x86_64

Version: 0.2.0
Check: package dependencies
Result: ERROR
    Package required but not available: 'igraph'
    
    Package suggested but not available for checking: 'ggraph'
    
    See section 'The DESCRIPTION file' in the 'Writing R Extensions'
    manual.
Flavor: r-devel-windows-x86_64-gcc10-UCRT

Version: 0.2.0
Check: package dependencies
Result: NOTE
    Package suggested but not available for checking: ‘gifski’
Flavor: r-patched-solaris-x86