Last updated on 2023-06-01 02:54:02 CEST.
Flavor | Version | Tinstall | Tcheck | Ttotal | Status | Flags |
---|---|---|---|---|---|---|
r-devel-linux-x86_64-debian-clang | 1.15 | 10.60 | 41.95 | 52.55 | NOTE | |
r-devel-linux-x86_64-debian-gcc | 1.15 | 8.42 | 57.14 | 65.56 | NOTE | |
r-devel-linux-x86_64-fedora-clang | 1.15 | 70.14 | NOTE | |||
r-devel-linux-x86_64-fedora-gcc | 1.15 | 67.69 | NOTE | |||
r-devel-windows-x86_64 | 1.15 | 15.00 | 61.00 | 76.00 | NOTE | |
r-patched-linux-x86_64 | 1.15 | NOTE | ||||
r-release-linux-x86_64 | 1.15 | 9.95 | 35.58 | 45.53 | NOTE | |
r-release-macos-arm64 | 1.15 | 28.00 | NOTE | |||
r-release-macos-x86_64 | 1.15 | 38.00 | NOTE | |||
r-release-windows-x86_64 | 1.15 | 15.00 | 65.00 | 80.00 | NOTE | |
r-oldrel-macos-arm64 | 1.15 | 20.00 | OK | |||
r-oldrel-macos-x86_64 | 1.15 | 31.00 | OK | |||
r-oldrel-windows-x86_64 | 1.15 | 13.00 | 65.00 | 78.00 | OK |
Version: 1.15
Check: C++ specification
Result: NOTE
Specified C++11: please drop specification unless essential
Flavors: r-devel-linux-x86_64-debian-clang, r-devel-linux-x86_64-debian-gcc, r-devel-linux-x86_64-fedora-clang, r-devel-linux-x86_64-fedora-gcc, r-devel-windows-x86_64, r-patched-linux-x86_64, r-release-linux-x86_64, r-release-macos-arm64, r-release-macos-x86_64, r-release-windows-x86_64