CRAN Package Check Results for Package sspse

Last updated on 2021-10-22 13:57:26 CEST.

Flavor Version Tinstall Tcheck Ttotal Status Flags
r-devel-linux-x86_64-debian-clang 0.6 20.58 137.28 157.86 OK
r-devel-linux-x86_64-debian-gcc 0.6 18.55 101.23 119.78 OK
r-devel-linux-x86_64-fedora-clang 0.6 204.93 OK
r-devel-linux-x86_64-fedora-gcc 0.6 189.74 OK
r-devel-windows-x86_64 0.6 47.00 127.00 174.00 OK
r-devel-windows-x86_64-gcc10-UCRT 0.6 ERROR
r-patched-linux-x86_64 0.6 22.10 130.04 152.14 OK
r-patched-solaris-x86 0.6 314.00 OK
r-release-linux-x86_64 0.6 21.62 128.23 149.85 OK
r-release-macos-arm64 0.6 OK
r-release-macos-x86_64 0.6 OK
r-release-windows-ix86+x86_64 0.6 51.00 250.00 301.00 OK
r-oldrel-macos-x86_64 0.6 OK
r-oldrel-windows-ix86+x86_64 0.6 73.00 248.00 321.00 OK

Check Details

Version: 0.6
Check: package dependencies
Result: ERROR
    Package required but not available: 'RDS'
    
    See section 'The DESCRIPTION file' in the 'Writing R Extensions'
    manual.
Flavor: r-devel-windows-x86_64-gcc10-UCRT