CRAN Package Check Results for Package sss

Last updated on 2021-11-27 09:52:42 CET.

Flavor Version Tinstall Tcheck Ttotal Status Flags
r-devel-linux-x86_64-debian-clang 0.1-0 NOTE
r-devel-linux-x86_64-debian-gcc 0.1-0 1.89 24.21 26.10 NOTE
r-devel-linux-x86_64-fedora-clang 0.1-0 51.03 NOTE
r-devel-linux-x86_64-fedora-gcc 0.1-0 40.51 NOTE
r-devel-windows-x86_64-new-UL 0.1-0 7.00 75.00 82.00 NOTE
r-devel-windows-x86_64-new-TK 0.1-0 NOTE
r-devel-windows-x86_64-old 0.1-0 5.00 48.00 53.00 NOTE
r-patched-linux-x86_64 0.1-0 2.59 29.41 32.00 NOTE
r-patched-solaris-x86 0.1-0 62.80 NOTE
r-release-linux-x86_64 0.1-0 NOTE
r-release-macos-arm64 0.1-0 NOTE
r-release-macos-x86_64 0.1-0 NOTE
r-release-windows-ix86+x86_64 0.1-0 5.00 38.00 43.00 NOTE
r-oldrel-macos-x86_64 0.1-0 OK
r-oldrel-windows-ix86+x86_64 0.1-0 6.00 50.00 56.00 OK

Check Details

Version: 0.1-0
Check: LazyData
Result: NOTE
     'LazyData' is specified without a 'data' directory
Flavors: r-devel-linux-x86_64-debian-clang, r-devel-linux-x86_64-debian-gcc, r-devel-linux-x86_64-fedora-clang, r-devel-linux-x86_64-fedora-gcc, r-devel-windows-x86_64-new-UL, r-devel-windows-x86_64-new-TK, r-devel-windows-x86_64-old, r-patched-linux-x86_64, r-patched-solaris-x86, r-release-linux-x86_64, r-release-macos-arm64, r-release-macos-x86_64, r-release-windows-ix86+x86_64

Version: 0.1-0
Check: Rd cross-references
Result: NOTE
    Undeclared package ‘XML’ in Rd xrefs
Flavor: r-devel-linux-x86_64-fedora-clang