CRAN Package Check Results for Package stablelearner

Last updated on 2021-09-20 08:50:46 CEST.

Flavor Version Tinstall Tcheck Ttotal Status Flags
r-devel-linux-x86_64-debian-clang 0.1-3 10.70 146.78 157.48 OK
r-devel-linux-x86_64-debian-gcc 0.1-3 9.18 108.41 117.59 OK
r-devel-linux-x86_64-fedora-clang 0.1-3 191.54 NOTE
r-devel-linux-x86_64-fedora-gcc 0.1-3 180.75 NOTE
r-devel-windows-x86_64 0.1-3 15.00 127.00 142.00 OK
r-devel-windows-x86_64-gcc10-UCRT 0.1-3 ERROR
r-patched-linux-x86_64 0.1-3 15.58 139.64 155.22 OK
r-patched-solaris-x86 0.1-3 176.70 NOTE
r-release-linux-x86_64 0.1-3 9.65 138.62 148.27 OK
r-release-macos-arm64 0.1-3 NOTE
r-release-macos-x86_64 0.1-3 NOTE
r-release-windows-ix86+x86_64 0.1-3 24.00 127.00 151.00 OK
r-oldrel-macos-x86_64 0.1-3 NOTE
r-oldrel-windows-ix86+x86_64 0.1-3 24.00 127.00 151.00 OK

Check Details

Version: 0.1-3
Check: data for non-ASCII characters
Result: NOTE
     Note: found 123 marked UTF-8 strings
Flavors: r-devel-linux-x86_64-fedora-clang, r-devel-linux-x86_64-fedora-gcc, r-devel-windows-x86_64-gcc10-UCRT, r-patched-solaris-x86, r-release-macos-arm64, r-release-macos-x86_64, r-oldrel-macos-x86_64

Version: 0.1-3
Check: whether package can be installed
Result: WARN
    Found the following significant warnings:
     WARNING: installation-time patches will not be applied, could not get the patches index
Flavor: r-devel-windows-x86_64-gcc10-UCRT

Version: 0.1-3
Check: PDF version of manual
Result: WARN
    LaTeX errors when creating PDF version.
    This typically indicates Rd problems.
Flavor: r-devel-windows-x86_64-gcc10-UCRT

Version: 0.1-3
Check: PDF version of manual without hyperrefs or index
Result: ERROR
    Re-running with no redirection of stdout/stderr.
Flavor: r-devel-windows-x86_64-gcc10-UCRT