Last updated on 2023-01-28 02:57:32 CET.
Flavor | Version | Tinstall | Tcheck | Ttotal | Status | Flags |
---|---|---|---|---|---|---|
r-devel-linux-x86_64-debian-clang | 1.2.0 | 7.33 | 134.91 | 142.24 | OK | |
r-devel-linux-x86_64-debian-gcc | 1.2.0 | 6.29 | 89.17 | 95.46 | OK | |
r-devel-linux-x86_64-fedora-clang | 1.2.0 | 171.85 | NOTE | |||
r-devel-linux-x86_64-fedora-gcc | 1.2.0 | 183.62 | NOTE | |||
r-patched-linux-x86_64 | 1.2.0 | 11.25 | 124.11 | 135.36 | OK | |
r-release-linux-x86_64 | 1.2.0 | 5.74 | 106.67 | 112.41 | OK | |
r-release-macos-arm64 | 1.2.0 | 45.00 | NOTE | |||
r-release-macos-x86_64 | 1.2.0 | 78.00 | NOTE | |||
r-release-windows-x86_64 | 1.2.0 | 238.00 | 167.00 | 405.00 | OK | |
r-oldrel-macos-arm64 | 1.2.0 | 53.00 | NOTE | |||
r-oldrel-macos-x86_64 | 1.2.0 | 75.00 | NOTE | |||
r-oldrel-windows-ix86+x86_64 | 1.2.0 | 17.00 | 166.00 | 183.00 | OK |
Version: 1.2.0
Check: dependencies in R code
Result: NOTE
Namespaces in Imports field not imported from:
‘pander’ ‘readr’ ‘tidyselect’
All declared Imports should be used.
Flavors: r-devel-linux-x86_64-fedora-clang, r-devel-linux-x86_64-fedora-gcc, r-release-macos-arm64, r-release-macos-x86_64, r-oldrel-macos-arm64, r-oldrel-macos-x86_64