CRAN Package Check Results for Package stevedata

Last updated on 2021-09-20 08:50:47 CEST.

Flavor Version Tinstall Tcheck Ttotal Status Flags
r-devel-linux-x86_64-debian-clang 0.5.0 31.86 38.54 70.40 OK
r-devel-linux-x86_64-debian-gcc 0.5.0 32.32 31.32 63.64 OK
r-devel-linux-x86_64-fedora-clang 0.5.0 106.62 NOTE
r-devel-linux-x86_64-fedora-gcc 0.5.0 96.18 NOTE
r-devel-windows-x86_64 0.5.0 42.00 44.00 86.00 OK
r-devel-windows-x86_64-gcc10-UCRT 0.5.0 ERROR
r-patched-linux-x86_64 0.5.0 35.46 38.04 73.50 OK
r-patched-solaris-x86 0.5.0 205.20 NOTE
r-release-linux-x86_64 0.5.0 33.02 38.48 71.50 OK
r-release-macos-arm64 0.5.0 NOTE
r-release-macos-x86_64 0.5.0 NOTE
r-release-windows-ix86+x86_64 0.5.0 51.00 44.00 95.00 OK
r-oldrel-macos-x86_64 0.5.0 NOTE
r-oldrel-windows-ix86+x86_64 0.5.0 52.00 60.00 112.00 OK

Check Details

Version: 0.5.0
Check: data for non-ASCII characters
Result: NOTE
     Note: found 42 marked UTF-8 strings
Flavors: r-devel-linux-x86_64-fedora-clang, r-devel-linux-x86_64-fedora-gcc, r-devel-windows-x86_64-gcc10-UCRT, r-patched-solaris-x86, r-release-macos-arm64, r-release-macos-x86_64, r-oldrel-macos-x86_64

Version: 0.5.0
Check: whether package can be installed
Result: WARN
    Found the following significant warnings:
     WARNING: installation-time patches will not be applied, could not get the patches index
Flavor: r-devel-windows-x86_64-gcc10-UCRT

Version: 0.5.0
Check: PDF version of manual
Result: WARN
    LaTeX errors when creating PDF version.
    This typically indicates Rd problems.
Flavor: r-devel-windows-x86_64-gcc10-UCRT

Version: 0.5.0
Check: PDF version of manual without hyperrefs or index
Result: ERROR
    Re-running with no redirection of stdout/stderr.
Flavor: r-devel-windows-x86_64-gcc10-UCRT