CRAN Package Check Results for Package stochvolTMB

Last updated on 2022-10-07 01:51:39 CEST.

Flavor Version Tinstall Tcheck Ttotal Status Flags
r-devel-linux-x86_64-debian-clang 0.2.0 25.49 180.00 205.49 OK
r-devel-linux-x86_64-debian-gcc 0.2.0 22.66 140.18 162.84 OK
r-devel-linux-x86_64-fedora-clang 0.2.0 263.08 NOTE
r-devel-linux-x86_64-fedora-gcc 0.2.0 269.63 OK
r-devel-windows-x86_64 0.2.0 77.00 140.00 217.00 NOTE
r-patched-linux-x86_64 0.2.0 24.11 180.84 204.95 OK
r-release-linux-x86_64 0.2.0 25.75 185.14 210.89 OK
r-release-macos-arm64 0.2.0 85.00 NOTE
r-release-macos-x86_64 0.2.0 138.00 NOTE
r-release-windows-x86_64 0.2.0 76.00 140.00 216.00 NOTE
r-oldrel-macos-arm64 0.2.0 124.00 NOTE
r-oldrel-macos-x86_64 0.2.0 99.00 NOTE
r-oldrel-windows-ix86+x86_64 0.2.0 121.00 156.00 277.00 NOTE

Check Details

Version: 0.2.0
Check: installed package size
Result: NOTE
     installed size is 12.8Mb
     sub-directories of 1Mb or more:
     libs 11.2Mb
Flavors: r-devel-linux-x86_64-fedora-clang, r-devel-windows-x86_64, r-release-macos-arm64, r-release-macos-x86_64, r-release-windows-x86_64, r-oldrel-macos-arm64, r-oldrel-macos-x86_64, r-oldrel-windows-ix86+x86_64