Last updated on 2023-09-23 01:54:26 CEST.
Flavor | Version | Tinstall | Tcheck | Ttotal | Status | Flags |
---|---|---|---|---|---|---|
r-devel-linux-x86_64-debian-clang | 0.2.0 | 29.00 | 177.41 | 206.41 | OK | |
r-devel-linux-x86_64-debian-gcc | 0.2.0 | 21.53 | 138.44 | 159.97 | OK | |
r-devel-linux-x86_64-fedora-clang | 0.2.0 | 249.00 | NOTE | |||
r-devel-linux-x86_64-fedora-gcc | 0.2.0 | 274.29 | OK | |||
r-devel-windows-x86_64 | 0.2.0 | 46.00 | 106.00 | 152.00 | NOTE | |
r-patched-linux-x86_64 | 0.2.0 | 30.15 | 179.90 | 210.05 | OK | |
r-release-linux-x86_64 | 0.2.0 | 31.48 | 176.83 | 208.31 | OK | |
r-release-macos-arm64 | 0.2.0 | 99.00 | NOTE | |||
r-release-macos-x86_64 | 0.2.0 | 137.00 | NOTE | |||
r-release-windows-x86_64 | 0.2.0 | 62.00 | 128.00 | 190.00 | NOTE | |
r-oldrel-macos-arm64 | 0.2.0 | 85.00 | NOTE | |||
r-oldrel-macos-x86_64 | 0.2.0 | 138.00 | NOTE | |||
r-oldrel-windows-x86_64 | 0.2.0 | 53.00 | 119.00 | 172.00 | NOTE |
Version: 0.2.0
Check: installed package size
Result: NOTE
installed size is 12.9Mb
sub-directories of 1Mb or more:
libs 11.2Mb
Flavors: r-devel-linux-x86_64-fedora-clang, r-devel-windows-x86_64, r-release-macos-arm64, r-release-macos-x86_64, r-release-windows-x86_64, r-oldrel-macos-arm64, r-oldrel-macos-x86_64, r-oldrel-windows-x86_64