CRAN Package Check Results for Package stream

Last updated on 2021-09-18 09:53:40 CEST.

Flavor Version Tinstall Tcheck Ttotal Status Flags
r-devel-linux-x86_64-debian-clang 1.5-0 143.15 226.30 369.45 OK
r-devel-linux-x86_64-debian-gcc 1.5-0 110.74 165.18 275.92 OK
r-devel-linux-x86_64-fedora-clang 1.5-0 506.01 NOTE
r-devel-linux-x86_64-fedora-gcc 1.5-0 464.82 OK
r-devel-windows-x86_64 1.5-0 135.00 276.00 411.00 OK
r-devel-windows-x86_64-gcc10-UCRT 1.5-0 OK
r-patched-linux-x86_64 1.5-0 126.50 213.49 339.99 OK
r-patched-solaris-x86 1.5-0 464.10 OK
r-release-linux-x86_64 1.5-0 121.04 214.46 335.50 OK
r-release-macos-arm64 1.5-0 NOTE
r-release-macos-x86_64 1.5-0 NOTE
r-release-windows-ix86+x86_64 1.5-0 342.00 272.00 614.00 NOTE
r-oldrel-macos-x86_64 1.5-0 NOTE
r-oldrel-windows-ix86+x86_64 1.5-0 341.00 374.00 715.00 NOTE

Check Details

Version: 1.5-0
Check: installed package size
Result: NOTE
     installed size is 12.9Mb
     sub-directories of 1Mb or more:
     doc 2.6Mb
     libs 9.4Mb
Flavors: r-devel-linux-x86_64-fedora-clang, r-release-macos-arm64, r-release-macos-x86_64, r-release-windows-ix86+x86_64, r-oldrel-macos-x86_64, r-oldrel-windows-ix86+x86_64