Last updated on 2023-05-28 01:54:10 CEST.
Flavor | Version | Tinstall | Tcheck | Ttotal | Status | Flags |
---|---|---|---|---|---|---|
r-devel-linux-x86_64-debian-clang | 1.5-3 | 9.83 | 100.17 | 110.00 | NOTE | |
r-devel-linux-x86_64-debian-gcc | 1.5-3 | 7.98 | 73.89 | 81.87 | NOTE | |
r-devel-linux-x86_64-fedora-clang | 1.5-3 | 147.53 | NOTE | |||
r-devel-linux-x86_64-fedora-gcc | 1.5-3 | 140.10 | NOTE | |||
r-devel-windows-x86_64 | 1.5-3 | 13.00 | 125.00 | 138.00 | NOTE | |
r-patched-linux-x86_64 | 1.5-3 | 12.59 | 96.12 | 108.71 | NOTE | |
r-release-linux-x86_64 | 1.5-3 | 8.83 | 94.73 | 103.56 | NOTE | |
r-release-macos-arm64 | 1.5-3 | 49.00 | NOTE | |||
r-release-macos-x86_64 | 1.5-3 | 79.00 | NOTE | |||
r-release-windows-x86_64 | 1.5-3 | 14.00 | 133.00 | 147.00 | NOTE | |
r-oldrel-macos-arm64 | 1.5-3 | 43.00 | NOTE | |||
r-oldrel-macos-x86_64 | 1.5-3 | 57.00 | NOTE | |||
r-oldrel-windows-x86_64 | 1.5-3 | 14.00 | 139.00 | 153.00 | NOTE |
Version: 1.5-3
Check: R code for possible problems
Result: NOTE
efpFunctional: multiple local function definitions for ‘plotProcess’
with different formal arguments
mefp.efp: multiple local function definitions for ‘computeEmpProc’ with
different formal arguments
Flavors: r-devel-linux-x86_64-debian-clang, r-devel-linux-x86_64-debian-gcc, r-devel-linux-x86_64-fedora-clang, r-devel-linux-x86_64-fedora-gcc, r-devel-windows-x86_64, r-patched-linux-x86_64, r-release-linux-x86_64, r-release-macos-arm64, r-release-macos-x86_64, r-release-windows-x86_64, r-oldrel-macos-arm64, r-oldrel-macos-x86_64, r-oldrel-windows-x86_64