CRAN Package Check Results for Package superMICE

Last updated on 2023-06-01 02:54:02 CEST.

Flavor Version Tinstall Tcheck Ttotal Status Flags
r-devel-linux-x86_64-debian-clang 1.1.1 6.68 54.82 61.50 NOTE
r-devel-linux-x86_64-debian-gcc 1.1.1 5.69 40.59 46.28 NOTE
r-devel-linux-x86_64-fedora-clang 1.1.1 78.67 NOTE
r-devel-linux-x86_64-fedora-gcc 1.1.1 72.48 NOTE
r-devel-windows-x86_64 1.1.1 7.00 60.00 67.00 NOTE
r-patched-linux-x86_64 1.1.1 NOTE
r-release-linux-x86_64 1.1.1 4.38 51.07 55.45 NOTE
r-release-macos-arm64 1.1.1 25.00 NOTE
r-release-macos-x86_64 1.1.1 37.00 NOTE
r-release-windows-x86_64 1.1.1 9.00 69.00 78.00 OK
r-oldrel-macos-arm64 1.1.1 27.00 OK
r-oldrel-macos-x86_64 1.1.1 37.00 OK
r-oldrel-windows-x86_64 1.1.1 10.00 69.00 79.00 OK

Check Details

Version: 1.1.1
Check: package dependencies
Result: NOTE
    Package suggested but not available for checking: ‘extraTrees’
Flavors: r-devel-linux-x86_64-debian-clang, r-devel-linux-x86_64-debian-gcc, r-devel-linux-x86_64-fedora-clang, r-devel-linux-x86_64-fedora-gcc, r-devel-windows-x86_64, r-patched-linux-x86_64, r-release-linux-x86_64, r-release-macos-arm64

Version: 1.1.1
Check: package dependencies
Result: NOTE
    Packages suggested but not available for checking:
     'arm', 'bartMachine', 'extraTrees', 'party', 'xgboost'
Flavor: r-release-macos-x86_64