CRAN Package Check Results for Package survC1

Last updated on 2021-09-22 06:48:51 CEST.

Flavor Version Tinstall Tcheck Ttotal Status Flags
r-devel-linux-x86_64-debian-clang 1.0-3 8.16 71.82 79.98 OK
r-devel-linux-x86_64-debian-gcc 1.0-3 6.25 54.58 60.83 OK
r-devel-linux-x86_64-fedora-clang 1.0-3 103.71 OK
r-devel-linux-x86_64-fedora-gcc 1.0-3 91.99 OK
r-devel-windows-x86_64 1.0-3 10.00 67.00 77.00 OK
r-devel-windows-x86_64-gcc10-UCRT 1.0-3 ERROR
r-patched-linux-x86_64 1.0-3 8.34 68.80 77.14 OK
r-patched-solaris-x86 1.0-3 138.00 OK
r-release-linux-x86_64 1.0-3 7.45 68.86 76.31 OK
r-release-macos-arm64 1.0-3 OK
r-release-macos-x86_64 1.0-3 OK
r-release-windows-ix86+x86_64 1.0-3 19.00 86.00 105.00 OK
r-oldrel-macos-x86_64 1.0-3 OK
r-oldrel-windows-ix86+x86_64 1.0-3 19.00 87.00 106.00 OK

Check Details

Version: 1.0-3
Check: whether package can be installed
Result: ERROR
    Installation failed.
Flavor: r-devel-windows-x86_64-gcc10-UCRT