CRAN Package Check Results for Package survSNP

Last updated on 2021-09-17 06:48:59 CEST.

Flavor Version Tinstall Tcheck Ttotal Status Flags
r-devel-linux-x86_64-debian-clang 0.24 17.81 178.55 196.36 WARN
r-devel-linux-x86_64-debian-gcc 0.24 13.84 130.73 144.57 WARN
r-devel-linux-x86_64-fedora-clang 0.24 236.41 NOTE
r-devel-linux-x86_64-fedora-gcc 0.24 226.06 NOTE
r-devel-windows-x86_64 0.24 17.00 220.00 237.00 OK
r-devel-windows-x86_64-gcc10-UCRT 0.24 OK
r-patched-linux-x86_64 0.24 16.90 169.12 186.02 WARN
r-patched-solaris-x86 0.24 275.00 OK
r-release-linux-x86_64 0.24 15.88 166.31 182.19 WARN
r-release-macos-arm64 0.24 OK
r-release-macos-x86_64 0.24 OK
r-release-windows-ix86+x86_64 0.24 44.00 188.00 232.00 OK
r-oldrel-macos-x86_64 0.24 OK
r-oldrel-windows-ix86+x86_64 0.24 30.00 231.00 261.00 OK

Check Details

Version: 0.24
Check: top-level files
Result: WARN
     Output from running autoreconf:
     configure.ac:32: warning: AC_OUTPUT should be used without arguments.
     configure.ac:32: You should run autoupdate.
Flavors: r-devel-linux-x86_64-debian-clang, r-devel-linux-x86_64-debian-gcc, r-patched-linux-x86_64, r-release-linux-x86_64

Version: 0.24
Check: compiled code
Result: NOTE
    File ‘survSNP/libs/survSNP.so’:
     Found no calls to: ‘R_registerRoutines’, ‘R_useDynamicSymbols’
    
    It is good practice to register native routines and to disable symbol
    search.
    
    See ‘Writing portable packages’ in the ‘Writing R Extensions’ manual.
Flavors: r-devel-linux-x86_64-fedora-clang, r-devel-linux-x86_64-fedora-gcc