CRAN Package Check Results for Package survivalMPL

Last updated on 2021-09-20 08:50:47 CEST.

Flavor Version Tinstall Tcheck Ttotal Status Flags
r-devel-linux-x86_64-debian-clang 0.2 8.84 72.00 80.84 OK
r-devel-linux-x86_64-debian-gcc 0.2 9.10 54.97 64.07 OK
r-devel-linux-x86_64-fedora-clang 0.2 104.03 OK
r-devel-linux-x86_64-fedora-gcc 0.2 94.88 OK
r-devel-windows-x86_64 0.2 10.00 68.00 78.00 OK
r-devel-windows-x86_64-gcc10-UCRT 0.2 ERROR
r-patched-linux-x86_64 0.2 8.88 70.08 78.96 OK
r-patched-solaris-x86 0.2 138.30 OK
r-release-linux-x86_64 0.2 7.40 69.19 76.59 OK
r-release-macos-arm64 0.2 OK
r-release-macos-x86_64 0.2 OK
r-release-windows-ix86+x86_64 0.2 20.00 62.00 82.00 OK
r-oldrel-macos-x86_64 0.2 OK
r-oldrel-windows-ix86+x86_64 0.2 21.00 64.00 85.00 OK

Check Details

Version: 0.2
Check: whether package can be installed
Result: WARN
    Found the following significant warnings:
     WARNING: installation-time patches will not be applied, could not get the patches index
Flavor: r-devel-windows-x86_64-gcc10-UCRT

Version: 0.2
Check: PDF version of manual
Result: WARN
    LaTeX errors when creating PDF version.
    This typically indicates Rd problems.
Flavor: r-devel-windows-x86_64-gcc10-UCRT

Version: 0.2
Check: PDF version of manual without hyperrefs or index
Result: ERROR
    Re-running with no redirection of stdout/stderr.
Flavor: r-devel-windows-x86_64-gcc10-UCRT