CRAN Package Check Results for Package susieR

Last updated on 2021-10-22 13:57:26 CEST.

Flavor Version Tinstall Tcheck Ttotal Status Flags
r-devel-linux-x86_64-debian-clang 0.11.42 16.18 365.45 381.63 OK
r-devel-linux-x86_64-debian-gcc 0.11.42 12.80 268.12 280.92 OK
r-devel-linux-x86_64-fedora-clang 0.11.42 471.79 OK
r-devel-linux-x86_64-fedora-gcc 0.11.42 455.80 OK
r-devel-windows-x86_64 0.11.42 23.00 369.00 392.00 OK
r-devel-windows-x86_64-gcc10-UCRT 0.11.42 WARN
r-patched-linux-x86_64 0.11.42 13.91 383.10 397.01 OK
r-patched-solaris-x86 0.11.42 975.40 OK
r-release-linux-x86_64 0.11.42 13.32 382.72 396.04 OK
r-release-macos-arm64 0.11.42 OK
r-release-macos-x86_64 0.11.42 OK
r-release-windows-ix86+x86_64 0.11.42 26.00 504.00 530.00 OK
r-oldrel-macos-x86_64 0.11.42 OK
r-oldrel-windows-ix86+x86_64 0.11.42 33.00 512.00 545.00 OK

Check Details

Version: 0.11.42
Check: package dependencies
Result: NOTE
    Package suggested but not available for checking: 'genlasso'
Flavor: r-devel-windows-x86_64-gcc10-UCRT

Version: 0.11.42
Check: re-building of vignette outputs
Result: WARN
    Error(s) in re-building vignettes:
    --- re-building 'finemapping.Rmd' using rmarkdown
    --- finished re-building 'finemapping.Rmd'
    
    --- re-building 'finemapping_summary_statistics.Rmd' using rmarkdown
    --- finished re-building 'finemapping_summary_statistics.Rmd'
    
    --- re-building 'l0_initialization.Rmd' using rmarkdown
    --- finished re-building 'l0_initialization.Rmd'
    
    --- re-building 'mwe.Rmd' using rmarkdown
    --- finished re-building 'mwe.Rmd'
    
    --- re-building 'sparse_matrix_strategy.Rmd' using rmarkdown
    --- finished re-building 'sparse_matrix_strategy.Rmd'
    
    --- re-building 'sparse_susie_eval.Rmd' using rmarkdown
    --- finished re-building 'sparse_susie_eval.Rmd'
    
    --- re-building 'susie_refine.Rmd' using rmarkdown
    --- finished re-building 'susie_refine.Rmd'
    
    --- re-building 'susierss_diagnostic.Rmd' using rmarkdown
    --- finished re-building 'susierss_diagnostic.Rmd'
    
    --- re-building 'trend_filtering.Rmd' using rmarkdown
    Quitting from lines 86-94 (trend_filtering.Rmd)
    Error: processing vignette 'trend_filtering.Rmd' failed with diagnostics:
    there is no package called 'genlasso'
    --- failed re-building 'trend_filtering.Rmd'
    
    --- re-building 'trendfiltering_derivations.Rnw' using Sweave
    --- finished re-building 'trendfiltering_derivations.Rnw'
    
    SUMMARY: processing the following file failed:
     'trend_filtering.Rmd'
    
    Error: Vignette re-building failed.
    Execution halted
Flavor: r-devel-windows-x86_64-gcc10-UCRT