CRAN Package Check Results for Package svrpath

Last updated on 2024-04-20 00:56:26 CEST.

Flavor Version Tinstall Tcheck Ttotal Status Flags
r-devel-linux-x86_64-debian-clang 0.1.2 6.34 51.30 57.64 NOTE
r-devel-linux-x86_64-debian-gcc 0.1.2 NOTE
r-devel-linux-x86_64-fedora-clang 0.1.2 72.80 NOTE
r-devel-linux-x86_64-fedora-gcc 0.1.2 67.75 NOTE
r-prerel-macos-arm64 0.1.2 22.00 NOTE
r-prerel-windows-x86_64 0.1.2 5.00 61.00 66.00 NOTE
r-patched-linux-x86_64 0.1.2 7.08 49.41 56.49 NOTE
r-release-linux-x86_64 0.1.2 6.17 48.58 54.75 NOTE
r-release-macos-arm64 0.1.2 27.00 NOTE
r-release-macos-x86_64 0.1.2 38.00 NOTE
r-release-windows-x86_64 0.1.2 8.00 62.00 70.00 NOTE
r-oldrel-macos-arm64 0.1.2 22.00 NOTE
r-oldrel-windows-x86_64 0.1.2 18.00 74.00 92.00 NOTE

Additional issues

donttest

Check Details

Version: 0.1.2
Check: LazyData
Result: NOTE 'LazyData' is specified without a 'data' directory Flavors: r-devel-linux-x86_64-debian-clang, r-devel-linux-x86_64-debian-gcc, r-devel-linux-x86_64-fedora-clang, r-devel-linux-x86_64-fedora-gcc, r-prerel-macos-arm64, r-prerel-windows-x86_64, r-patched-linux-x86_64, r-release-linux-x86_64, r-release-macos-arm64, r-release-macos-x86_64, r-release-windows-x86_64, r-oldrel-macos-arm64, r-oldrel-windows-x86_64