Last updated on 2023-01-28 02:57:32 CET.
Flavor | Version | Tinstall | Tcheck | Ttotal | Status | Flags |
---|---|---|---|---|---|---|
r-devel-linux-x86_64-debian-clang | 0.1-6 | 4.84 | 39.77 | 44.61 | NOTE | |
r-devel-linux-x86_64-debian-gcc | 0.1-6 | 3.66 | 30.42 | 34.08 | NOTE | |
r-devel-linux-x86_64-fedora-clang | 0.1-6 | 56.67 | NOTE | |||
r-devel-linux-x86_64-fedora-gcc | 0.1-6 | 66.90 | NOTE | |||
r-patched-linux-x86_64 | 0.1-6 | 4.63 | 38.64 | 43.27 | NOTE | |
r-release-linux-x86_64 | 0.1-6 | 5.16 | 37.70 | 42.86 | NOTE | |
r-release-macos-arm64 | 0.1-6 | 20.00 | NOTE | |||
r-release-macos-x86_64 | 0.1-6 | 31.00 | NOTE | |||
r-release-windows-x86_64 | 0.1-6 | 30.00 | 74.00 | 104.00 | NOTE | |
r-oldrel-macos-arm64 | 0.1-6 | 29.00 | NOTE | |||
r-oldrel-macos-x86_64 | 0.1-6 | 40.00 | NOTE | |||
r-oldrel-windows-ix86+x86_64 | 0.1-6 | 12.00 | 73.00 | 85.00 | NOTE |
Version: 0.1-6
Check: package dependencies
Result: NOTE
Packages suggested but not available for checking: 'sylly.de', 'sylly.es'
Flavors: r-devel-linux-x86_64-debian-clang, r-devel-linux-x86_64-debian-gcc, r-devel-linux-x86_64-fedora-clang, r-devel-linux-x86_64-fedora-gcc, r-patched-linux-x86_64, r-release-linux-x86_64, r-release-macos-arm64, r-release-macos-x86_64, r-release-windows-x86_64, r-oldrel-macos-arm64, r-oldrel-macos-x86_64, r-oldrel-windows-ix86+x86_64