CRAN Package Check Results for Package tabr

Last updated on 2021-09-23 08:51:24 CEST.

Flavor Version Tinstall Tcheck Ttotal Status Flags
r-devel-linux-x86_64-debian-clang 0.4.5 12.30 133.51 145.81 OK
r-devel-linux-x86_64-debian-gcc 0.4.5 9.29 96.77 106.06 OK
r-devel-linux-x86_64-fedora-clang 0.4.5 187.67 OK
r-devel-linux-x86_64-fedora-gcc 0.4.5 173.01 OK
r-devel-windows-x86_64 0.4.5 13.00 145.00 158.00 OK
r-devel-windows-x86_64-gcc10-UCRT 0.4.5 ERROR
r-patched-linux-x86_64 0.4.5 13.52 132.74 146.26 OK
r-patched-solaris-x86 0.4.5 215.60 OK
r-release-linux-x86_64 0.4.5 9.57 130.94 140.51 OK
r-release-macos-arm64 0.4.5 OK
r-release-macos-x86_64 0.4.5 OK
r-release-windows-ix86+x86_64 0.4.5 22.00 138.00 160.00 OK
r-oldrel-macos-x86_64 0.4.5 OK
r-oldrel-windows-ix86+x86_64 0.4.5 15.00 144.00 159.00 OK

Check Details

Version: 0.4.5
Check: package dependencies
Result: NOTE
    Packages suggested but not available for checking: 'kableExtra', 'png'
Flavor: r-devel-windows-x86_64-gcc10-UCRT

Version: 0.4.5
Check: PDF version of manual
Result: WARN
    LaTeX errors when creating PDF version.
    This typically indicates Rd problems.
Flavor: r-devel-windows-x86_64-gcc10-UCRT

Version: 0.4.5
Check: PDF version of manual without hyperrefs or index
Result: ERROR
    Re-running with no redirection of stdout/stderr.
Flavor: r-devel-windows-x86_64-gcc10-UCRT