CRAN Package Check Results for Package tabula

Last updated on 2021-09-22 06:48:52 CEST.

Flavor Version Tinstall Tcheck Ttotal Status Flags
r-devel-linux-x86_64-debian-clang 1.6.1 10.26 143.33 153.59 OK
r-devel-linux-x86_64-debian-gcc 1.6.1 7.64 102.30 109.94 OK
r-devel-linux-x86_64-fedora-clang 1.6.1 181.63 OK
r-devel-linux-x86_64-fedora-gcc 1.6.1 168.75 OK
r-devel-windows-x86_64 1.6.1 12.00 133.00 145.00 OK
r-devel-windows-x86_64-gcc10-UCRT 1.6.1 ERROR
r-patched-linux-x86_64 1.6.1 13.63 135.19 148.82 OK
r-patched-solaris-x86 1.6.1 136.80 OK
r-release-linux-x86_64 1.6.1 8.92 134.84 143.76 OK
r-release-macos-arm64 1.6.1 OK
r-release-macos-x86_64 1.6.1 OK
r-release-windows-ix86+x86_64 1.6.1 23.00 133.00 156.00 OK
r-oldrel-macos-x86_64 1.6.1 OK
r-oldrel-windows-ix86+x86_64 1.6.1 24.00 128.00 152.00 OK

Check Details

Version: 1.6.1
Check: package dependencies
Result: NOTE
    Package suggested but not available for checking: 'vdiffr'
Flavor: r-devel-windows-x86_64-gcc10-UCRT

Version: 1.6.1
Check: PDF version of manual
Result: WARN
    LaTeX errors when creating PDF version.
    This typically indicates Rd problems.
Flavor: r-devel-windows-x86_64-gcc10-UCRT

Version: 1.6.1
Check: PDF version of manual without hyperrefs or index
Result: ERROR
    Re-running with no redirection of stdout/stderr.
Flavor: r-devel-windows-x86_64-gcc10-UCRT