CRAN Package Check Results for Package tbrf

Last updated on 2021-09-20 08:50:48 CEST.

Flavor Version Tinstall Tcheck Ttotal Status Flags
r-devel-linux-x86_64-debian-clang 0.1.5 5.92 167.25 173.17 OK
r-devel-linux-x86_64-debian-gcc 0.1.5 5.31 117.73 123.04 OK
r-devel-linux-x86_64-fedora-clang 0.1.5 205.89 OK
r-devel-linux-x86_64-fedora-gcc 0.1.5 195.86 OK
r-devel-windows-x86_64 0.1.5 7.00 151.00 158.00 OK
r-devel-windows-x86_64-gcc10-UCRT 0.1.5 ERROR
r-patched-linux-x86_64 0.1.5 6.63 156.85 163.48 OK
r-patched-solaris-x86 0.1.5 245.10 OK
r-release-linux-x86_64 0.1.5 6.23 154.90 161.13 OK
r-release-macos-arm64 0.1.5 OK
r-release-macos-x86_64 0.1.5 OK
r-release-windows-ix86+x86_64 0.1.5 15.00 149.00 164.00 OK
r-oldrel-macos-x86_64 0.1.5 OK
r-oldrel-windows-ix86+x86_64 0.1.5 16.00 162.00 178.00 OK

Check Details

Version: 0.1.5
Check: whether package can be installed
Result: WARN
    Found the following significant warnings:
     WARNING: installation-time patches will not be applied, could not get the patches index
Flavor: r-devel-windows-x86_64-gcc10-UCRT

Version: 0.1.5
Check: PDF version of manual
Result: WARN
    LaTeX errors when creating PDF version.
    This typically indicates Rd problems.
Flavor: r-devel-windows-x86_64-gcc10-UCRT

Version: 0.1.5
Check: PDF version of manual without hyperrefs or index
Result: ERROR
    Re-running with no redirection of stdout/stderr.
Flavor: r-devel-windows-x86_64-gcc10-UCRT