CRAN Package Check Results for Package tensorBF

Last updated on 2021-09-19 07:50:51 CEST.

Flavor Version Tinstall Tcheck Ttotal Status Flags
r-devel-linux-x86_64-debian-clang 1.0.2 3.76 30.10 33.86 OK
r-devel-linux-x86_64-debian-gcc 1.0.2 2.24 23.29 25.53 OK
r-devel-linux-x86_64-fedora-clang 1.0.2 49.89 OK
r-devel-linux-x86_64-fedora-gcc 1.0.2 39.29 OK
r-devel-windows-x86_64 1.0.2 6.00 46.00 52.00 OK
r-devel-windows-x86_64-gcc10-UCRT 1.0.2 ERROR
r-patched-linux-x86_64 1.0.2 3.57 29.06 32.63 OK
r-patched-solaris-x86 1.0.2 59.50 OK
r-release-linux-x86_64 1.0.2 3.27 29.65 32.92 OK
r-release-macos-arm64 1.0.2 OK
r-release-macos-x86_64 1.0.2 OK
r-release-windows-ix86+x86_64 1.0.2 7.00 35.00 42.00 OK
r-oldrel-macos-x86_64 1.0.2 OK
r-oldrel-windows-ix86+x86_64 1.0.2 7.00 37.00 44.00 OK

Check Details

Version: 1.0.2
Check: whether package can be installed
Result: WARN
    Found the following significant warnings:
     WARNING: installation-time patches will not be applied, could not get the patches index
Flavor: r-devel-windows-x86_64-gcc10-UCRT

Version: 1.0.2
Check: PDF version of manual
Result: WARN
    LaTeX errors when creating PDF version.
    This typically indicates Rd problems.
Flavor: r-devel-windows-x86_64-gcc10-UCRT

Version: 1.0.2
Check: PDF version of manual without hyperrefs or index
Result: ERROR
    Re-running with no redirection of stdout/stderr.
Flavor: r-devel-windows-x86_64-gcc10-UCRT