CRAN Package Check Results for Package testit

Last updated on 2021-09-20 08:50:48 CEST.

Flavor Version Tinstall Tcheck Ttotal Status Flags
r-devel-linux-x86_64-debian-clang 0.13 2.15 23.07 25.22 OK
r-devel-linux-x86_64-debian-gcc 0.13 1.61 18.41 20.02 OK
r-devel-linux-x86_64-fedora-clang 0.13 39.54 OK
r-devel-linux-x86_64-fedora-gcc 0.13 29.18 OK
r-devel-windows-x86_64 0.13 4.00 30.00 34.00 OK
r-devel-windows-x86_64-gcc10-UCRT 0.13 ERROR
r-patched-linux-x86_64 0.13 2.34 22.43 24.77 OK
r-patched-solaris-x86 0.13 47.20 OK
r-release-linux-x86_64 0.13 2.12 22.41 24.53 OK
r-release-macos-arm64 0.13 OK
r-release-macos-x86_64 0.13 OK
r-release-windows-ix86+x86_64 0.13 6.00 29.00 35.00 OK
r-oldrel-macos-x86_64 0.13 OK
r-oldrel-windows-ix86+x86_64 0.13 5.00 28.00 33.00 OK

Check Details

Version: 0.13
Check: whether package can be installed
Result: WARN
    Found the following significant warnings:
     WARNING: installation-time patches will not be applied, could not get the patches index
Flavor: r-devel-windows-x86_64-gcc10-UCRT

Version: 0.13
Check: PDF version of manual
Result: WARN
    LaTeX errors when creating PDF version.
    This typically indicates Rd problems.
Flavor: r-devel-windows-x86_64-gcc10-UCRT

Version: 0.13
Check: PDF version of manual without hyperrefs or index
Result: ERROR
    Re-running with no redirection of stdout/stderr.
Flavor: r-devel-windows-x86_64-gcc10-UCRT