CRAN Package Check Results for Package tidybayes

Last updated on 2021-10-22 13:57:27 CEST.

Flavor Version Tinstall Tcheck Ttotal Status Flags
r-devel-linux-x86_64-debian-clang 3.0.1 9.51 299.85 309.36 OK
r-devel-linux-x86_64-debian-gcc 3.0.1 7.20 223.80 231.00 OK
r-devel-linux-x86_64-fedora-clang 3.0.1 374.94 OK
r-devel-linux-x86_64-fedora-gcc 3.0.1 366.02 OK
r-devel-windows-x86_64 3.0.1 16.00 382.00 398.00 OK
r-devel-windows-x86_64-gcc10-UCRT 3.0.1 NOTE
r-patched-linux-x86_64 3.0.1 16.24 283.90 300.14 OK
r-patched-solaris-x86 3.0.1 444.80 NOTE
r-release-linux-x86_64 3.0.1 7.45 280.68 288.13 OK
r-release-macos-arm64 3.0.1 NOTE
r-release-macos-x86_64 3.0.1 OK
r-release-windows-ix86+x86_64 3.0.1 16.00 368.00 384.00 OK
r-oldrel-macos-x86_64 3.0.1 OK
r-oldrel-windows-ix86+x86_64 3.0.1 21.00 364.00 385.00 OK

Check Details

Version: 3.0.1
Check: package dependencies
Result: NOTE
    Packages suggested but not available for checking: 'rstanarm', 'brms'
Flavor: r-devel-windows-x86_64-gcc10-UCRT

Version: 3.0.1
Check: Rd cross-references
Result: NOTE
    Packages unavailable to check Rd xrefs: 'brms', 'rstanarm'
Flavor: r-devel-windows-x86_64-gcc10-UCRT

Version: 3.0.1
Check: package dependencies
Result: NOTE
    Package suggested but not available for checking: ‘gifski’
Flavor: r-patched-solaris-x86

Version: 3.0.1
Check: package dependencies
Result: NOTE
    Packages suggested but not available for checking:
     'runjags', 'rjags', 'jagsUI'
Flavor: r-release-macos-arm64

Version: 3.0.1
Check: Rd cross-references
Result: NOTE
    Packages unavailable to check Rd xrefs: ‘runjags’, ‘rjags’, ‘jagsUI’
Flavor: r-release-macos-arm64