CRAN Package Check Results for Package tidytable

Last updated on 2021-09-19 07:50:52 CEST.

Flavor Version Tinstall Tcheck Ttotal Status Flags
r-devel-linux-x86_64-debian-clang 0.6.5 8.20 70.87 79.07 OK
r-devel-linux-x86_64-debian-gcc 0.6.5 5.60 51.16 56.76 OK
r-devel-linux-x86_64-fedora-clang 0.6.5 98.42 OK
r-devel-linux-x86_64-fedora-gcc 0.6.5 85.67 OK
r-devel-windows-x86_64 0.6.5 8.00 88.00 96.00 OK
r-devel-windows-x86_64-gcc10-UCRT 0.6.5 ERROR
r-patched-linux-x86_64 0.6.5 8.21 64.87 73.08 OK
r-patched-solaris-x86 0.6.5 115.20 OK
r-release-linux-x86_64 0.6.5 6.53 65.00 71.53 OK
r-release-macos-arm64 0.6.5 OK
r-release-macos-x86_64 0.6.5 OK
r-release-windows-ix86+x86_64 0.6.5 13.00 67.00 80.00 OK
r-oldrel-macos-x86_64 0.6.5 OK
r-oldrel-windows-ix86+x86_64 0.6.5 12.00 68.00 80.00 OK

Check Details

Version: 0.6.5
Check: whether package can be installed
Result: WARN
    Found the following significant warnings:
     WARNING: installation-time patches will not be applied, could not get the patches index
Flavor: r-devel-windows-x86_64-gcc10-UCRT

Version: 0.6.5
Check: PDF version of manual
Result: WARN
    LaTeX errors when creating PDF version.
    This typically indicates Rd problems.
Flavor: r-devel-windows-x86_64-gcc10-UCRT

Version: 0.6.5
Check: PDF version of manual without hyperrefs or index
Result: ERROR
    Re-running with no redirection of stdout/stderr.
Flavor: r-devel-windows-x86_64-gcc10-UCRT