CRAN Package Check Results for Package tigris

Last updated on 2021-09-21 06:48:56 CEST.

Flavor Version Tinstall Tcheck Ttotal Status Flags
r-devel-linux-x86_64-debian-clang 1.4.1 9.74 89.35 99.09 OK
r-devel-linux-x86_64-debian-gcc 1.4.1 9.09 67.74 76.83 OK
r-devel-linux-x86_64-fedora-clang 1.4.1 130.31 OK
r-devel-linux-x86_64-fedora-gcc 1.4.1 115.32 OK
r-devel-windows-x86_64 1.4.1 16.00 106.00 122.00 OK
r-devel-windows-x86_64-gcc10-UCRT 1.4.1 ERROR
r-patched-linux-x86_64 1.4.1 10.50 83.91 94.41 OK
r-patched-solaris-x86 1.4.1 184.30 OK
r-release-linux-x86_64 1.4.1 10.71 83.85 94.56 OK
r-release-macos-arm64 1.4.1 OK
r-release-macos-x86_64 1.4.1 OK
r-release-windows-ix86+x86_64 1.4.1 32.00 106.00 138.00 OK
r-oldrel-macos-x86_64 1.4.1 OK
r-oldrel-windows-ix86+x86_64 1.4.1 34.00 109.00 143.00 OK

Check Details

Version: 1.4.1
Check: whether package can be installed
Result: WARN
    Found the following significant warnings:
     WARNING: installation-time patches will not be applied, could not get the patches index
Flavor: r-devel-windows-x86_64-gcc10-UCRT

Version: 1.4.1
Check: PDF version of manual
Result: WARN
    LaTeX errors when creating PDF version.
    This typically indicates Rd problems.
Flavor: r-devel-windows-x86_64-gcc10-UCRT

Version: 1.4.1
Check: PDF version of manual without hyperrefs or index
Result: ERROR
    Re-running with no redirection of stdout/stderr.
Flavor: r-devel-windows-x86_64-gcc10-UCRT