CRAN Package Check Results for Package tiledb

Last updated on 2021-10-22 13:57:27 CEST.

Flavor Version Tinstall Tcheck Ttotal Status Flags
r-devel-linux-x86_64-debian-clang 0.9.7 112.55 134.54 247.09 OK
r-devel-linux-x86_64-debian-gcc 0.9.7 94.36 105.41 199.77 OK
r-devel-linux-x86_64-fedora-clang 0.9.7 354.65 NOTE
r-devel-linux-x86_64-fedora-gcc 0.9.7 344.64 OK
r-devel-windows-x86_64 0.9.7 156.00 141.00 297.00 NOTE
r-devel-windows-x86_64-gcc10-UCRT 0.9.7 OK
r-patched-linux-x86_64 0.9.7 109.20 131.10 240.30 OK
r-release-linux-x86_64 0.9.7 110.59 131.27 241.86 OK
r-release-macos-arm64 0.9.6 NOTE
r-release-macos-x86_64 0.9.7 NOTE
r-release-windows-ix86+x86_64 0.9.7 206.00 226.00 432.00 NOTE
r-oldrel-macos-x86_64 0.9.7 NOTE
r-oldrel-windows-ix86+x86_64 0.9.7 206.00 177.00 383.00 NOTE

Check Details

Version: 0.9.7
Check: installed package size
Result: NOTE
     installed size is 52.9Mb
     sub-directories of 1Mb or more:
     libs 9.1Mb
     tiledb 41.8Mb
Flavors: r-devel-linux-x86_64-fedora-clang, r-devel-windows-x86_64, r-release-macos-x86_64, r-release-windows-ix86+x86_64, r-oldrel-macos-x86_64, r-oldrel-windows-ix86+x86_64

Version: 0.9.6
Check: installed package size
Result: NOTE
     installed size is 31.2Mb
     sub-directories of 1Mb or more:
     libs 14.6Mb
     tiledb 14.6Mb
Flavor: r-release-macos-arm64