CRAN Package Check Results for Package tilemaps

Last updated on 2021-11-27 07:50:05 CET.

Flavor Version Tinstall Tcheck Ttotal Status Flags
r-devel-linux-x86_64-debian-clang 0.2.0 OK
r-devel-linux-x86_64-debian-gcc 0.2.0 2.55 122.10 124.65 OK
r-devel-linux-x86_64-fedora-clang 0.2.0 258.62 NOTE
r-devel-linux-x86_64-fedora-gcc 0.2.0 238.85 NOTE
r-devel-windows-x86_64-new-UL 0.2.0 9.00 242.00 251.00 OK
r-devel-windows-x86_64-new-TK 0.2.0 NOTE
r-devel-windows-x86_64-old 0.2.0 4.00 254.00 258.00 OK
r-patched-linux-x86_64 0.2.0 2.81 169.36 172.17 OK
r-patched-solaris-x86 0.2.0 99.20 NOTE
r-release-linux-x86_64 0.2.0 OK
r-release-macos-arm64 0.2.0 NOTE
r-release-macos-x86_64 0.2.0 NOTE
r-release-windows-ix86+x86_64 0.2.0 7.00 187.00 194.00 OK
r-oldrel-macos-x86_64 0.2.0 NOTE
r-oldrel-windows-ix86+x86_64 0.2.0 26.00 244.00 270.00 OK

Check Details

Version: 0.2.0
Check: dependencies in R code
Result: NOTE
    Namespace in Imports field not imported from: ‘lwgeom’
     All declared Imports should be used.
Flavors: r-devel-linux-x86_64-fedora-clang, r-devel-linux-x86_64-fedora-gcc, r-devel-windows-x86_64-new-TK, r-patched-solaris-x86, r-release-macos-arm64, r-release-macos-x86_64, r-oldrel-macos-x86_64