CRAN Package Check Results for Package tis

Last updated on 2021-09-20 08:50:49 CEST.

Flavor Version Tinstall Tcheck Ttotal Status Flags
r-devel-linux-x86_64-debian-clang 1.38 12.82 60.05 72.87 OK
r-devel-linux-x86_64-debian-gcc 1.38 9.06 44.91 53.97 OK
r-devel-linux-x86_64-fedora-clang 1.38 92.70 OK
r-devel-linux-x86_64-fedora-gcc 1.38 81.86 OK
r-devel-windows-x86_64 1.38 14.00 62.00 76.00 OK
r-devel-windows-x86_64-gcc10-UCRT 1.38 ERROR
r-patched-linux-x86_64 1.38 15.25 56.29 71.54 OK
r-patched-solaris-x86 1.38 102.40 OK
r-release-linux-x86_64 1.38 12.25 56.65 68.90 OK
r-release-macos-arm64 1.38 OK
r-release-macos-x86_64 1.38 OK
r-release-windows-ix86+x86_64 1.38 21.00 62.00 83.00 OK
r-oldrel-macos-x86_64 1.38 OK
r-oldrel-windows-ix86+x86_64 1.38 21.00 67.00 88.00 OK

Check Details

Version: 1.38
Check: whether package can be installed
Result: ERROR
    Installation failed.
Flavor: r-devel-windows-x86_64-gcc10-UCRT