CRAN Package Check Results for Package tlmec

Last updated on 2021-09-25 06:49:36 CEST.

Flavor Version Tinstall Tcheck Ttotal Status Flags
r-devel-linux-x86_64-debian-clang 0.0-2 3.87 30.15 34.02 NOTE
r-devel-linux-x86_64-debian-gcc 0.0-2 3.07 23.35 26.42 NOTE
r-devel-linux-x86_64-fedora-clang 0.0-2 49.84 NOTE
r-devel-linux-x86_64-fedora-gcc 0.0-2 39.09 NOTE
r-devel-windows-x86_64 0.0-2 6.00 38.00 44.00 NOTE
r-devel-windows-x86_64-gcc10-UCRT 0.0-2 NOTE
r-patched-linux-x86_64 0.0-2 3.47 29.11 32.58 NOTE
r-patched-solaris-x86 0.0-2 57.40 NOTE
r-release-linux-x86_64 0.0-2 3.20 29.03 32.23 NOTE
r-release-macos-arm64 0.0-2 NOTE
r-release-macos-x86_64 0.0-2 NOTE
r-release-windows-ix86+x86_64 0.0-2 8.00 34.00 42.00 NOTE
r-oldrel-macos-x86_64 0.0-2 NOTE
r-oldrel-windows-ix86+x86_64 0.0-2 6.00 49.00 55.00 NOTE

Check Details

Version: 0.0-2
Check: dependencies in R code
Result: NOTE
    'library' or 'require' call to 'mvtnorm' which was already attached by Depends.
     Please remove these calls from your code.
    Package in Depends field not imported from: 'mvtnorm'
     These packages need to be imported from (in the NAMESPACE file)
     for when this namespace is loaded but not attached.
Flavors: r-devel-linux-x86_64-debian-clang, r-devel-linux-x86_64-debian-gcc, r-devel-linux-x86_64-fedora-clang, r-devel-linux-x86_64-fedora-gcc, r-devel-windows-x86_64, r-devel-windows-x86_64-gcc10-UCRT, r-patched-linux-x86_64, r-patched-solaris-x86, r-release-linux-x86_64, r-release-macos-arm64, r-release-macos-x86_64, r-release-windows-ix86+x86_64, r-oldrel-macos-x86_64, r-oldrel-windows-ix86+x86_64

Version: 0.0-2
Check: R code for possible problems
Result: NOTE
    EMN: no visible global function definition for 'dmvnorm'
    EMN: no visible global function definition for 'pmvnorm'
    EMT: no visible global function definition for 'GenzBretz'
    EMT: no visible global function definition for 'dmvt'
    EMT: no visible global function definition for 'pmvt'
    MomemNT: no visible global function definition for 'pnorm'
    MomemNT: no visible global function definition for 'dnorm'
    MomemNT: no visible global function definition for 'pmvnorm'
    MomemNT: no visible global function definition for 'dmvnorm'
    TT.moment: no visible global function definition for 'GenzBretz'
    TT.moment: no visible global function definition for 'pmvt'
    TT.moment: no visible global function definition for 'dt'
    TT.moment: no visible global function definition for 'pt'
    TT.moment: no visible global function definition for 'dmvt'
    cdfNI: no visible global function definition for 'pnorm'
    cdfNI: no visible global function definition for 'pt'
    inits: no visible global function definition for 'lm'
    Undefined global functions or variables:
     GenzBretz dmvnorm dmvt dnorm dt lm pmvnorm pmvt pnorm pt
    Consider adding
     importFrom("stats", "dnorm", "dt", "lm", "pnorm", "pt")
    to your NAMESPACE file.
Flavors: r-devel-linux-x86_64-debian-clang, r-devel-linux-x86_64-debian-gcc, r-devel-linux-x86_64-fedora-clang, r-devel-linux-x86_64-fedora-gcc, r-devel-windows-x86_64, r-devel-windows-x86_64-gcc10-UCRT, r-patched-linux-x86_64, r-patched-solaris-x86, r-release-linux-x86_64, r-release-macos-arm64, r-release-macos-x86_64, r-release-windows-ix86+x86_64, r-oldrel-macos-x86_64, r-oldrel-windows-ix86+x86_64

Version: 0.0-2
Check: Rd line widths
Result: NOTE
    Rd file 'UTIdata.Rd':
     \examples lines wider than 100 characters:
     x = cbind((UTIdata$Fup==0)+0, (UTIdata$Fup==1)+0, (UTIdata$Fup==3)+0, (UTIdata$Fup==6)+0, (UTIdata$Fup==9)+0, (UTIdata$Fup==12)+0, (UTI ... [TRUNCATED]
    
    These lines will be truncated in the PDF manual.
Flavors: r-devel-linux-x86_64-debian-clang, r-devel-linux-x86_64-debian-gcc, r-devel-linux-x86_64-fedora-clang, r-devel-linux-x86_64-fedora-gcc, r-patched-linux-x86_64, r-release-linux-x86_64