Last updated on 2023-02-04 00:51:08 CET.
Flavor | Version | Tinstall | Tcheck | Ttotal | Status | Flags |
---|---|---|---|---|---|---|
r-devel-linux-x86_64-debian-clang | 0.50.11 | 12.36 | 147.94 | 160.30 | NOTE | |
r-devel-linux-x86_64-debian-gcc | 0.50.11 | 8.84 | 111.27 | 120.11 | NOTE | |
r-devel-linux-x86_64-fedora-clang | 0.50.11 | 195.26 | NOTE | |||
r-devel-linux-x86_64-fedora-gcc | 0.50.11 | 155.34 | NOTE | |||
r-patched-linux-x86_64 | 0.50.11 | 11.83 | 140.91 | 152.74 | OK | |
r-release-linux-x86_64 | 0.50.11 | 11.28 | 138.08 | 149.36 | OK | |
r-release-macos-arm64 | 0.50.11 | 68.00 | NOTE | |||
r-release-macos-x86_64 | 0.50.11 | 87.00 | NOTE | |||
r-release-windows-x86_64 | 0.50.11 | 38.00 | 227.00 | 265.00 | OK | |
r-oldrel-macos-arm64 | 0.50.11 | 66.00 | NOTE | |||
r-oldrel-macos-x86_64 | 0.50.11 | 87.00 | NOTE | |||
r-oldrel-windows-ix86+x86_64 | 0.50.11 | 24.00 | 176.00 | 200.00 | OK |
Version: 0.50.11
Check: package dependencies
Result: NOTE
Package suggested but not available for checking: ‘pca3d’
Flavors: r-devel-linux-x86_64-debian-clang, r-devel-linux-x86_64-debian-gcc, r-devel-linux-x86_64-fedora-clang, r-devel-linux-x86_64-fedora-gcc
Version: 0.50.11
Check: data for non-ASCII characters
Result: NOTE
Note: found 1 marked UTF-8 string
Flavors: r-devel-linux-x86_64-fedora-clang, r-devel-linux-x86_64-fedora-gcc, r-release-macos-arm64, r-release-macos-x86_64, r-oldrel-macos-arm64, r-oldrel-macos-x86_64