CRAN Package Check Results for Package todor

Last updated on 2021-09-20 08:50:49 CEST.

Flavor Version Tinstall Tcheck Ttotal Status Flags
r-devel-linux-x86_64-debian-clang 0.1.2 2.25 23.74 25.99 OK
r-devel-linux-x86_64-debian-gcc 0.1.2 1.74 19.08 20.82 OK
r-devel-linux-x86_64-fedora-clang 0.1.2 40.93 OK
r-devel-linux-x86_64-fedora-gcc 0.1.2 30.17 OK
r-devel-windows-x86_64 0.1.2 4.00 32.00 36.00 OK
r-devel-windows-x86_64-gcc10-UCRT 0.1.2 ERROR
r-patched-linux-x86_64 0.1.2 2.24 23.41 25.65 OK
r-patched-solaris-x86 0.1.2 48.60 OK
r-release-linux-x86_64 0.1.2 2.09 23.06 25.15 OK
r-release-macos-arm64 0.1.2 OK
r-release-macos-x86_64 0.1.2 OK
r-release-windows-ix86+x86_64 0.1.2 6.00 32.00 38.00 OK
r-oldrel-macos-x86_64 0.1.2 OK
r-oldrel-windows-ix86+x86_64 0.1.2 6.00 32.00 38.00 OK

Check Details

Version: 0.1.2
Check: whether package can be installed
Result: WARN
    Found the following significant warnings:
     WARNING: installation-time patches will not be applied, could not get the patches index
Flavor: r-devel-windows-x86_64-gcc10-UCRT

Version: 0.1.2
Check: PDF version of manual
Result: WARN
    LaTeX errors when creating PDF version.
    This typically indicates Rd problems.
Flavor: r-devel-windows-x86_64-gcc10-UCRT

Version: 0.1.2
Check: PDF version of manual without hyperrefs or index
Result: ERROR
    Re-running with no redirection of stdout/stderr.
Flavor: r-devel-windows-x86_64-gcc10-UCRT