CRAN Package Check Results for Package tokenizers

Last updated on 2021-09-27 06:48:41 CEST.

Flavor Version Tinstall Tcheck Ttotal Status Flags
r-devel-linux-x86_64-debian-clang 0.2.1 30.23 41.84 72.07 OK
r-devel-linux-x86_64-debian-gcc 0.2.1 22.15 32.64 54.79 OK
r-devel-linux-x86_64-fedora-clang 0.2.1 105.55 NOTE
r-devel-linux-x86_64-fedora-gcc 0.2.1 86.54 NOTE
r-devel-windows-x86_64 0.2.1 30.00 61.00 91.00 OK
r-devel-windows-x86_64-gcc10-UCRT 0.2.1 NOTE
r-patched-linux-x86_64 0.2.1 25.44 40.83 66.27 OK
r-patched-solaris-x86 0.2.1 117.70 NOTE
r-release-linux-x86_64 0.2.1 23.68 40.35 64.03 OK
r-release-macos-arm64 0.2.1 NOTE
r-release-macos-x86_64 0.2.1 NOTE
r-release-windows-ix86+x86_64 0.2.1 69.00 78.00 147.00 OK
r-oldrel-macos-x86_64 0.2.1 NOTE
r-oldrel-windows-ix86+x86_64 0.2.1 86.00 73.00 159.00 OK

Check Details

Version: 0.2.1
Check: data for non-ASCII characters
Result: NOTE
     Note: found 1 marked UTF-8 string
Flavors: r-devel-linux-x86_64-fedora-clang, r-devel-linux-x86_64-fedora-gcc, r-devel-windows-x86_64-gcc10-UCRT, r-patched-solaris-x86, r-release-macos-arm64, r-release-macos-x86_64, r-oldrel-macos-x86_64