CRAN Package Check Results for Package tools4uplift

Last updated on 2021-09-20 08:50:49 CEST.

Flavor Version Tinstall Tcheck Ttotal Status Flags
r-devel-linux-x86_64-debian-clang 1.0.0 10.83 112.56 123.39 OK
r-devel-linux-x86_64-debian-gcc 1.0.0 8.71 79.90 88.61 OK
r-devel-linux-x86_64-fedora-clang 1.0.0 150.03 OK
r-devel-linux-x86_64-fedora-gcc 1.0.0 135.88 OK
r-devel-windows-x86_64 1.0.0 13.00 103.00 116.00 OK
r-devel-windows-x86_64-gcc10-UCRT 1.0.0 ERROR
r-patched-linux-x86_64 1.0.0 11.58 103.00 114.58 OK
r-patched-solaris-x86 1.0.0 197.50 OK
r-release-linux-x86_64 1.0.0 9.92 102.93 112.85 OK
r-release-macos-arm64 1.0.0 OK
r-release-macos-x86_64 1.0.0 OK
r-release-windows-ix86+x86_64 1.0.0 24.00 103.00 127.00 OK
r-oldrel-macos-x86_64 1.0.0 OK
r-oldrel-windows-ix86+x86_64 1.0.0 24.00 95.00 119.00 OK

Check Details

Version: 1.0.0
Check: whether package can be installed
Result: WARN
    Found the following significant warnings:
     WARNING: installation-time patches will not be applied, could not get the patches index
Flavor: r-devel-windows-x86_64-gcc10-UCRT

Version: 1.0.0
Check: PDF version of manual
Result: WARN
    LaTeX errors when creating PDF version.
    This typically indicates Rd problems.
Flavor: r-devel-windows-x86_64-gcc10-UCRT

Version: 1.0.0
Check: PDF version of manual without hyperrefs or index
Result: ERROR
    Re-running with no redirection of stdout/stderr.
Flavor: r-devel-windows-x86_64-gcc10-UCRT