CRAN Package Check Results for Package torch

Last updated on 2022-08-20 01:50:12 CEST.

Flavor Version Tinstall Tcheck Ttotal Status Flags
r-devel-linux-x86_64-debian-clang 0.8.0 859.66 261.23 1120.89 OK
r-devel-linux-x86_64-debian-gcc 0.8.0 812.33 199.78 1012.11 OK
r-devel-linux-x86_64-fedora-clang 0.8.1 1444.40 NOTE
r-devel-linux-x86_64-fedora-gcc 0.8.1 1863.49 OK
r-devel-windows-x86_64 0.8.0 1189.00 654.00 1843.00 NOTE
r-patched-linux-x86_64 0.8.0 816.25 236.69 1052.94 OK
r-release-linux-x86_64 0.8.0 OK
r-release-macos-arm64 0.8.1 402.00 NOTE
r-release-macos-x86_64 0.8.0 517.00 NOTE
r-release-windows-x86_64 0.8.0 1201.00 523.00 1724.00 NOTE
r-oldrel-macos-arm64 0.8.1 343.00 NOTE
r-oldrel-macos-x86_64 0.8.0 503.00 NOTE
r-oldrel-windows-ix86+x86_64 0.8.1 1193.00 409.00 1602.00 NOTE

Additional issues

rchk

Check Details

Version: 0.8.1
Check: installed package size
Result: NOTE
     installed size is 30.0Mb
     sub-directories of 1Mb or more:
     R 4.8Mb
     help 1.6Mb
     include 1.3Mb
     libs 21.7Mb
Flavors: r-devel-linux-x86_64-fedora-clang, r-release-macos-arm64, r-oldrel-macos-arm64, r-oldrel-windows-ix86+x86_64

Version: 0.8.0
Check: installed package size
Result: NOTE
     installed size is 23.0Mb
     sub-directories of 1Mb or more:
     R 4.8Mb
     help 1.6Mb
     include 1.3Mb
     libs 14.7Mb
Flavors: r-devel-windows-x86_64, r-release-macos-x86_64, r-release-windows-x86_64, r-oldrel-macos-x86_64

Version: 0.8.0
Check: package dependencies
Result: NOTE
    Package suggested but not available for checking: ‘katex’
Flavor: r-release-macos-x86_64