CRAN Package Check Results for Package tramnet

Last updated on 2021-09-20 08:50:49 CEST.

Flavor Version Tinstall Tcheck Ttotal Status Flags
r-devel-linux-x86_64-debian-clang 0.0-6 21.11 393.64 414.75 OK
r-devel-linux-x86_64-debian-gcc 0.0-6 17.17 291.34 308.51 OK
r-devel-linux-x86_64-fedora-clang 0.0-6 487.36 OK
r-devel-linux-x86_64-fedora-gcc 0.0-6 484.51 OK
r-devel-windows-x86_64 0.0-6 22.00 342.00 364.00 OK
r-devel-windows-x86_64-gcc10-UCRT 0.0-6 ERROR
r-patched-linux-x86_64 0.0-6 20.72 371.37 392.09 OK
r-patched-solaris-x86 0.0-6 587.10 OK
r-release-linux-x86_64 0.0-6 21.14 371.09 392.23 OK
r-release-macos-arm64 0.0-6 OK
r-release-macos-x86_64 0.0-6 OK
r-release-windows-ix86+x86_64 0.0-6 45.00 321.00 366.00 OK
r-oldrel-macos-x86_64 0.0-6 OK
r-oldrel-windows-ix86+x86_64 0.0-6 46.00 315.00 361.00 OK

Check Details

Version: 0.0-6
Check: whether package can be installed
Result: WARN
    Found the following significant warnings:
     WARNING: installation-time patches will not be applied, could not get the patches index
Flavor: r-devel-windows-x86_64-gcc10-UCRT

Version: 0.0-6
Check: PDF version of manual
Result: WARN
    LaTeX errors when creating PDF version.
    This typically indicates Rd problems.
Flavor: r-devel-windows-x86_64-gcc10-UCRT

Version: 0.0-6
Check: PDF version of manual without hyperrefs or index
Result: ERROR
    Re-running with no redirection of stdout/stderr.
Flavor: r-devel-windows-x86_64-gcc10-UCRT