CRAN Package Check Results for Package trustOptim

Last updated on 2021-09-19 07:50:53 CEST.

Flavor Version Tinstall Tcheck Ttotal Status Flags
r-devel-linux-x86_64-debian-clang 0.8.6.2 46.74 87.73 134.47 OK
r-devel-linux-x86_64-debian-gcc 0.8.6.2 36.56 66.10 102.66 OK
r-devel-linux-x86_64-fedora-clang 0.8.6.2 181.02 NOTE
r-devel-linux-x86_64-fedora-gcc 0.8.6.2 167.51 OK
r-devel-windows-x86_64 0.8.6.2 40.00 132.00 172.00 OK
r-devel-windows-x86_64-gcc10-UCRT 0.8.6.2 ERROR
r-patched-linux-x86_64 0.8.6.2 42.24 67.51 109.75 OK
r-patched-solaris-x86 0.8.6.2 198.80 ERROR
r-release-linux-x86_64 0.8.6.2 48.07 66.79 114.86 OK
r-release-macos-arm64 0.8.6.2 NOTE
r-release-macos-x86_64 0.8.6.2 NOTE
r-release-windows-ix86+x86_64 0.8.6.2 104.00 99.00 203.00 OK
r-oldrel-macos-x86_64 0.8.6.2 NOTE
r-oldrel-windows-ix86+x86_64 0.8.6.2 100.00 93.00 193.00 OK

Check Details

Version: 0.8.6.2
Check: installed package size
Result: NOTE
     installed size is 7.5Mb
     sub-directories of 1Mb or more:
     libs 7.1Mb
Flavors: r-devel-linux-x86_64-fedora-clang, r-release-macos-arm64, r-release-macos-x86_64, r-oldrel-macos-x86_64

Version: 0.8.6.2
Check: whether package can be installed
Result: ERROR
    Installation failed.
Flavor: r-devel-windows-x86_64-gcc10-UCRT

Version: 0.8.6.2
Check: tests
Result: ERROR
     Running ‘testthat.R’
    Running the tests in ‘tests/testthat.R’ failed.
    Complete output:
     > library(testthat)
     > library(trustOptim)
     >
     > test_check("trustOptim")
     Beginning optimization
    
     Iteration has terminated
    
     iter f nrm_gr status
     50 0.000000 0.000000 Success
    
     Beginning optimization
    
     Iteration has terminated
    
     iter f nrm_gr status
     128 0.000000 0.000000 Success
    
     Beginning optimization
    
     Iteration has terminated
    
     iter f nrm_gr status
     287 0.000000 0.000000Radius of trust region is less than stop.trust.radius
    
     Beginning optimization
    
     Iteration has terminated
    
     iter f nrm_gr status
     65 0.000000 0.000000 Success
    
     ══ Failed tests ════════════════════════════════════════════════════════════════
     ── Failure (test_rosenbrock.R:67:9): Rosenbrock ────────────────────────────────
     opt0\$status does not match "Success".
     Actual value: "Radius of trust region is less than stop\.trust\.radius"
     Backtrace:
     █
     1. └─testthat::expect_match(opt0$status, "Success") test_rosenbrock.R:67:8
     2. └─testthat:::expect_match_(...)
    
     [ FAIL 1 | WARN 0 | SKIP 0 | PASS 15 ]
     Error: Test failures
     Execution halted
Flavor: r-patched-solaris-x86