CRAN Package Check Results for Package twiddler

Last updated on 2021-11-27 07:50:06 CET.

Flavor Version Tinstall Tcheck Ttotal Status Flags
r-devel-linux-x86_64-debian-clang 0.5-0 NOTE
r-devel-linux-x86_64-debian-gcc 0.5-0 1.95 18.29 20.24 NOTE
r-devel-linux-x86_64-fedora-clang 0.5-0 42.16 NOTE
r-devel-linux-x86_64-fedora-gcc 0.5-0 31.54 NOTE
r-devel-windows-x86_64-new-UL 0.5-0 7.00 65.00 72.00 NOTE
r-devel-windows-x86_64-new-TK 0.5-0 NOTE
r-devel-windows-x86_64-old 0.5-0 4.00 32.00 36.00 NOTE
r-patched-linux-x86_64 0.5-0 2.64 22.08 24.72 NOTE
r-patched-solaris-x86 0.5-0 48.60 NOTE
r-release-linux-x86_64 0.5-0 NOTE
r-release-macos-arm64 0.5-0 NOTE
r-release-macos-x86_64 0.5-0 NOTE
r-release-windows-ix86+x86_64 0.5-0 6.00 28.00 34.00 NOTE
r-oldrel-macos-x86_64 0.5-0 NOTE
r-oldrel-windows-ix86+x86_64 0.5-0 6.00 31.00 37.00 NOTE

Check Details

Version: 0.5-0
Check: dependencies in R code
Result: NOTE
    Package in Depends field not imported from: 'tcltk'
     These packages need to be imported from (in the NAMESPACE file)
     for when this namespace is loaded but not attached.
Flavors: r-devel-linux-x86_64-debian-clang, r-devel-linux-x86_64-debian-gcc, r-devel-linux-x86_64-fedora-clang, r-devel-linux-x86_64-fedora-gcc, r-devel-windows-x86_64-new-UL, r-devel-windows-x86_64-new-TK, r-devel-windows-x86_64-old, r-patched-linux-x86_64, r-patched-solaris-x86, r-release-linux-x86_64, r-release-macos-arm64, r-release-macos-x86_64, r-release-windows-ix86+x86_64, r-oldrel-macos-x86_64, r-oldrel-windows-ix86+x86_64

Version: 0.5-0
Check: R code for possible problems
Result: NOTE
    combo : <anonymous>: no visible global function definition for
     'tkframe'
    combo : <anonymous>: no visible global function definition for 'tclVar'
    combo : <anonymous>: no visible global function definition for
     'tclvalue<-'
    combo : <anonymous>: no visible global function definition for
     'ttkcombobox'
    combo : <anonymous> : tkcurrent: no visible global function definition
     for 'tcl'
    combo : <anonymous>: no visible global function definition for 'tkbind'
    combo : <anonymous>: no visible global function definition for
     'tklabel'
    combo : <anonymous>: no visible global function definition for 'tkpack'
    entry : <anonymous>: no visible global function definition for
     'tkframe'
    entry : <anonymous>: no visible global function definition for 'tclVar'
    entry : <anonymous>: no visible global function definition for
     'tkentry'
    entry : <anonymous> : handler: no visible global function definition
     for 'tclvalue'
    entry : <anonymous>: no visible global function definition for 'tkbind'
    entry : <anonymous>: no visible global function definition for
     'tklabel'
    entry : <anonymous>: no visible global function definition for 'tkpack'
    filer : <anonymous>: no visible global function definition for
     'tkframe'
    filer : <anonymous>: no visible global function definition for 'tclVar'
    filer : <anonymous>: no visible global function definition for
     'tkbutton'
    filer : <anonymous> : <anonymous>: no visible global function
     definition for 'tclvalue'
    filer : <anonymous> : <anonymous>: no visible global function
     definition for 'tkgetOpenFile'
    filer : <anonymous> : <anonymous>: no visible global function
     definition for 'tclvalue<-'
    filer : <anonymous>: no visible global function definition for
     'tkentry'
    filer : <anonymous> : handler: no visible global function definition
     for 'tclvalue'
    filer : <anonymous>: no visible global function definition for 'tkbind'
    filer : <anonymous>: no visible global function definition for
     'tklabel'
    filer : <anonymous>: no visible global function definition for 'tkpack'
    knob : <anonymous>: no visible global function definition for 'tclVar'
    knob : <anonymous>: no visible global function definition for 'tkscale'
    toggle : <anonymous>: no visible global function definition for
     'tclVar'
    toggle : <anonymous>: no visible global function definition for
     'tkcheckbutton'
    toggle : <anonymous> : <anonymous>: no visible global function
     definition for 'tclvalue'
    twiddle: no visible global function definition for 'tktoplevel'
    twiddle: no visible global function definition for 'tkframe'
    twiddle: no visible global function definition for 'tkpack'
    twiddle: no visible global function definition for 'tklabel'
    twiddle: no visible global function definition for 'tkfont.create'
    twiddle: no visible global function definition for 'tkbutton'
    twiddle : <anonymous>: no visible global function definition for
     'tkdestroy'
    twiddle: no visible global function definition for 'tkwm.title'
    twiddle: no visible global function definition for 'tkwm.resizable'
    twiddle: no visible global function definition for 'tkwait.window'
    twiddle_print: no visible global function definition for
     'flush.console'
    Undefined global functions or variables:
     flush.console tcl tclVar tclvalue tclvalue<- tkbind tkbutton
     tkcheckbutton tkdestroy tkentry tkfont.create tkframe tkgetOpenFile
     tklabel tkpack tkscale tktoplevel tkwait.window tkwm.resizable
     tkwm.title ttkcombobox
    Consider adding
     importFrom("utils", "flush.console")
    to your NAMESPACE file.
Flavors: r-devel-linux-x86_64-debian-clang, r-devel-linux-x86_64-debian-gcc, r-devel-linux-x86_64-fedora-clang, r-devel-linux-x86_64-fedora-gcc, r-devel-windows-x86_64-new-UL, r-devel-windows-x86_64-new-TK, r-devel-windows-x86_64-old, r-patched-linux-x86_64, r-patched-solaris-x86, r-release-linux-x86_64, r-release-macos-arm64, r-release-macos-x86_64, r-release-windows-ix86+x86_64, r-oldrel-macos-x86_64, r-oldrel-windows-ix86+x86_64

Version: 0.5-0
Check: LazyData
Result: NOTE
     'LazyData' is specified without a 'data' directory
Flavors: r-devel-linux-x86_64-debian-clang, r-devel-linux-x86_64-debian-gcc, r-devel-linux-x86_64-fedora-clang, r-devel-linux-x86_64-fedora-gcc, r-devel-windows-x86_64-new-UL, r-devel-windows-x86_64-new-TK, r-devel-windows-x86_64-old, r-patched-linux-x86_64, r-patched-solaris-x86, r-release-linux-x86_64, r-release-macos-arm64, r-release-macos-x86_64, r-release-windows-ix86+x86_64