CRAN Package Check Results for Package unvotes

Last updated on 2023-10-03 02:05:24 CEST.

Flavor Version Tinstall Tcheck Ttotal Status Flags
r-devel-linux-x86_64-debian-clang 0.3.0 5.82 42.14 47.96 OK
r-devel-linux-x86_64-debian-gcc 0.3.0 5.47 32.78 38.25 OK
r-devel-linux-x86_64-fedora-clang 0.3.0 60.43 NOTE
r-devel-linux-x86_64-fedora-gcc 0.3.0 75.22 NOTE
r-devel-windows-x86_64 0.3.0 6.00 55.00 61.00 OK
r-patched-linux-x86_64 0.3.0 5.80 41.69 47.49 OK
r-release-linux-x86_64 0.3.0 6.76 40.75 47.51 OK
r-release-macos-arm64 0.3.0 35.00 OK
r-release-macos-x86_64 0.3.0 53.00 OK
r-release-windows-x86_64 0.3.0 9.00 60.00 69.00 OK
r-oldrel-macos-arm64 0.3.0 38.00 OK
r-oldrel-macos-x86_64 0.3.0 35.00 NOTE
r-oldrel-windows-x86_64 0.3.0 10.00 62.00 72.00 OK

Check Details

Version: 0.3.0
Check: data for non-ASCII characters
Result: NOTE
     Note: found 7872 marked UTF-8 strings
Flavors: r-devel-linux-x86_64-fedora-clang, r-devel-linux-x86_64-fedora-gcc, r-oldrel-macos-x86_64