CRAN Package Check Results for Package updog

Last updated on 2021-10-22 13:57:28 CEST.

Flavor Version Tinstall Tcheck Ttotal Status Flags
r-devel-linux-x86_64-debian-clang 2.0.2 110.08 99.22 209.30 OK
r-devel-linux-x86_64-debian-gcc 2.0.2 83.76 71.60 155.36 OK
r-devel-linux-x86_64-fedora-clang 2.0.2 313.35 OK
r-devel-linux-x86_64-fedora-gcc 2.0.2 276.65 OK
r-devel-windows-x86_64 2.0.2 152.00 126.00 278.00 OK
r-devel-windows-x86_64-gcc10-UCRT 2.0.2 OK
r-patched-linux-x86_64 2.0.2 100.52 98.26 198.78 OK
r-patched-solaris-x86 2.0.2 351.80 OK
r-release-linux-x86_64 2.0.2 101.47 97.99 199.46 OK
r-release-macos-arm64 2.0.2 FAIL
r-release-macos-x86_64 2.0.2 OK
r-release-windows-ix86+x86_64 2.0.2 217.00 208.00 425.00 OK
r-oldrel-macos-x86_64 2.0.2 OK
r-oldrel-windows-ix86+x86_64 2.0.2 293.00 212.00 505.00 OK

Additional issues

M1mac

Check Details

Version: 2.0.2
Check: installed package size
Result: NOTE
     installed size is 5.4Mb
     sub-directories of 1Mb or more:
     libs 4.6Mb
Flavor: r-release-macos-arm64

Version: 2.0.2
Check: tests
Result: FAIL
Flavor: r-release-macos-arm64