CRAN Package Check Results for Package varImp

Last updated on 2021-11-27 07:50:06 CET.

Flavor Version Tinstall Tcheck Ttotal Status Flags
r-devel-linux-x86_64-debian-clang 0.4 NOTE
r-devel-linux-x86_64-debian-gcc 0.4 7.17 92.62 99.79 NOTE
r-devel-linux-x86_64-fedora-clang 0.4 154.19 NOTE
r-devel-linux-x86_64-fedora-gcc 0.4 144.37 NOTE
r-devel-windows-x86_64-new-UL 0.4 17.00 318.00 335.00 NOTE
r-devel-windows-x86_64-new-TK 0.4 NOTE
r-devel-windows-x86_64-old 0.4 9.00 177.00 186.00 NOTE
r-patched-linux-x86_64 0.4 8.14 113.91 122.05 NOTE
r-patched-solaris-x86 0.4 212.30 NOTE
r-release-linux-x86_64 0.4 NOTE
r-release-macos-arm64 0.4 NOTE
r-release-macos-x86_64 0.4 NOTE
r-release-windows-ix86+x86_64 0.4 21.00 105.00 126.00 NOTE
r-oldrel-macos-x86_64 0.4 OK
r-oldrel-windows-ix86+x86_64 0.4 26.00 151.00 177.00 OK

Check Details

Version: 0.4
Check: LazyData
Result: NOTE
     'LazyData' is specified without a 'data' directory
Flavors: r-devel-linux-x86_64-debian-clang, r-devel-linux-x86_64-debian-gcc, r-devel-linux-x86_64-fedora-clang, r-devel-linux-x86_64-fedora-gcc, r-devel-windows-x86_64-new-UL, r-devel-windows-x86_64-new-TK, r-devel-windows-x86_64-old, r-patched-linux-x86_64, r-patched-solaris-x86, r-release-linux-x86_64, r-release-macos-arm64, r-release-macos-x86_64, r-release-windows-ix86+x86_64