CRAN Package Check Results for Package vfcp

Last updated on 2021-11-27 07:50:06 CET.

Flavor Version Tinstall Tcheck Ttotal Status Flags
r-devel-linux-x86_64-debian-clang 1.4.0 NOTE
r-devel-linux-x86_64-debian-gcc 1.4.0 6.52 65.16 71.68 NOTE
r-devel-linux-x86_64-fedora-clang 1.4.0 119.65 NOTE
r-devel-linux-x86_64-fedora-gcc 1.4.0 109.62 NOTE
r-devel-windows-x86_64-new-UL 1.4.0 19.00 129.00 148.00 NOTE
r-devel-windows-x86_64-new-TK 1.4.0 NOTE
r-devel-windows-x86_64-old 1.4.0 11.00 111.00 122.00 NOTE
r-patched-linux-x86_64 1.4.0 8.29 78.68 86.97 NOTE
r-patched-solaris-x86 1.4.0 175.90 NOTE
r-release-linux-x86_64 1.4.0 NOTE
r-release-macos-arm64 1.4.0 NOTE
r-release-macos-x86_64 1.4.0 NOTE
r-release-windows-ix86+x86_64 1.4.0 22.00 81.00 103.00 NOTE
r-oldrel-macos-x86_64 1.4.0 OK
r-oldrel-windows-ix86+x86_64 1.4.0 14.00 115.00 129.00 OK

Check Details

Version: 1.4.0
Check: LazyData
Result: NOTE
     'LazyData' is specified without a 'data' directory
Flavors: r-devel-linux-x86_64-debian-clang, r-devel-linux-x86_64-debian-gcc, r-devel-linux-x86_64-fedora-clang, r-devel-linux-x86_64-fedora-gcc, r-devel-windows-x86_64-new-UL, r-devel-windows-x86_64-new-TK, r-devel-windows-x86_64-old, r-patched-linux-x86_64, r-patched-solaris-x86, r-release-linux-x86_64, r-release-macos-arm64, r-release-macos-x86_64, r-release-windows-ix86+x86_64