Last updated on 2023-06-01 02:54:04 CEST.
Flavor | Version | Tinstall | Tcheck | Ttotal | Status | Flags |
---|---|---|---|---|---|---|
r-devel-linux-x86_64-debian-clang | 0.2.0 | 8.19 | 80.91 | 89.10 | OK | |
r-devel-linux-x86_64-debian-gcc | 0.2.0 | 5.04 | 61.51 | 66.55 | OK | |
r-devel-linux-x86_64-fedora-clang | 0.2.0 | 108.36 | OK | |||
r-devel-linux-x86_64-fedora-gcc | 0.2.0 | 105.03 | OK | |||
r-devel-windows-x86_64 | 0.2.0 | 7.00 | 84.00 | 91.00 | OK | |
r-patched-linux-x86_64 | 0.2.0 | OK | ||||
r-release-linux-x86_64 | 0.2.0 | 7.10 | 76.71 | 83.81 | OK | |
r-release-macos-arm64 | 0.2.0 | 83.00 | OK | |||
r-release-macos-x86_64 | 0.1.0 | 234.00 | WARN | |||
r-release-windows-x86_64 | 0.2.0 | 8.00 | 100.00 | 108.00 | OK | |
r-oldrel-macos-arm64 | 0.2.0 | 93.00 | OK | |||
r-oldrel-macos-x86_64 | 0.2.0 | 119.00 | OK | |||
r-oldrel-windows-x86_64 | 0.2.0 | 10.00 | 99.00 | 109.00 | OK |
Version: 0.1.0
Check: S3 generic/method consistency
Result: WARN
st_bbox:
function(obj, ...)
st_bbox.SfArray:
function(x, ...)
st_bbox:
function(obj, ...)
st_bbox.SfArray:
function(x, ...)
See section ‘Generic functions and methods’ in the ‘Writing R
Extensions’ manual.
Flavor: r-release-macos-x86_64