CRAN Package Check Results for Package vines

Last updated on 2021-09-28 06:48:42 CEST.

Flavor Version Tinstall Tcheck Ttotal Status Flags
r-devel-linux-x86_64-debian-clang 1.1.5 14.44 102.70 117.14 OK
r-devel-linux-x86_64-debian-gcc 1.1.5 11.69 78.34 90.03 OK
r-devel-linux-x86_64-fedora-clang 1.1.5 159.13 NOTE
r-devel-linux-x86_64-fedora-gcc 1.1.5 137.52 NOTE
r-devel-windows-x86_64 1.1.5 19.00 97.00 116.00 OK
r-devel-windows-x86_64-gcc10-UCRT 1.1.5 OK
r-patched-linux-x86_64 1.1.5 16.19 98.48 114.67 OK
r-patched-solaris-x86 1.1.5 205.80 OK
r-release-linux-x86_64 1.1.5 12.07 98.38 110.45 OK
r-release-macos-arm64 1.1.5 OK
r-release-macos-x86_64 1.1.5 OK
r-release-windows-ix86+x86_64 1.1.5 33.00 133.00 166.00 OK
r-oldrel-macos-x86_64 1.1.5 OK
r-oldrel-windows-ix86+x86_64 1.1.5 25.00 133.00 158.00 OK

Check Details

Version: 1.1.5
Check: compiled code
Result: NOTE
    File ‘vines/libs/vines.so’:
     Found no call to: ‘R_useDynamicSymbols’
    
    It is good practice to register native routines and to disable symbol
    search.
    
    See ‘Writing portable packages’ in the ‘Writing R Extensions’ manual.
Flavors: r-devel-linux-x86_64-fedora-clang, r-devel-linux-x86_64-fedora-gcc